{"id":4211,"date":"2025-02-19T14:14:31","date_gmt":"2025-02-19T14:14:31","guid":{"rendered":"http:\/\/memoria.cepymearagon.es\/?page_id=4211"},"modified":"2025-02-19T14:14:31","modified_gmt":"2025-02-19T14:14:31","slug":"2024-medioambiente","status":"publish","type":"page","link":"https:\/\/memoria.cepymearagon.es\/index.php\/2024-medioambiente\/","title":{"rendered":"2024 Medioambiente"},"content":{"rendered":"<p>[vc_row css_animation=\u00bb\u00bb row_type=\u00bbrow\u00bb use_row_as_full_screen_section=\u00bbno\u00bb type=\u00bbfull_width\u00bb angled_section=\u00bbno\u00bb text_align=\u00bbleft\u00bb background_image_as_pattern=\u00bbwithout_pattern\u00bb z_index=\u00bb\u00bb][vc_column][vc_empty_space][vc_single_image image=\u00bb28&#8243; img_size=\u00bbmedium\u00bb onclick=\u00bbcustom_link\u00bb qode_css_animation=\u00bb\u00bb link=\u00bbhttps:\/\/memoria.cepymearagon.es\/index.php\/2024-2\/\u00bb][vc_empty_space][\/vc_column][\/vc_row][vc_row css_animation=\u00bb\u00bb row_type=\u00bbrow\u00bb use_row_as_full_screen_section=\u00bbyes\u00bb type=\u00bbfull_width\u00bb angled_section=\u00bbno\u00bb text_align=\u00bbleft\u00bb background_image_as_pattern=\u00bbwithout_pattern\u00bb z_index=\u00bb\u00bb][vc_column][vc_empty_space][vc_row_inner row_type=\u00bbrow\u00bb type=\u00bbfull_width\u00bb text_align=\u00bbcenter\u00bb css_animation=\u00bb\u00bb][vc_column_inner][custom_font font_size=\u00bb60&#8243; line_height=\u00bb\u00bb font_style=\u00bbnormal\u00bb text_align=\u00bbcenter\u00bb font_weight=\u00bb500&#8243; text_decoration=\u00bbnone\u00bb text_shadow=\u00bbyes\u00bb color=\u00bb#144733&#8243;]<\/p>\n<p>Medioambiente<\/p>\n<p>[\/custom_font][\/vc_column_inner][\/vc_row_inner][vc_empty_space height=\u00bb80&#8243;][\/vc_column][\/vc_row][vc_row css_animation=\u00bb\u00bb row_type=\u00bbrow\u00bb use_row_as_full_screen_section=\u00bbno\u00bb type=\u00bbgrid\u00bb angled_section=\u00bbno\u00bb text_align=\u00bbcenter\u00bb background_image_as_pattern=\u00bbwithout_pattern\u00bb z_index=\u00bb\u00bb][vc_column][vc_empty_space height=\u00bb64&#8243;][vc_row_inner row_type=\u00bbrow\u00bb type=\u00bbfull_width\u00bb text_align=\u00bbleft\u00bb css_animation=\u00bb\u00bb][vc_column_inner][vc_column_text]<\/p>\n<p style=\"text-align: left;\">CEPYME Arag\u00f3n lleva a cabo una labor de difusi\u00f3n de la informaci\u00f3n ambiental entre sus asociados a trav\u00e9s de diferentes medios.<\/p>\n<p>&nbsp;<\/p>\n<p style=\"text-align: left;\"><strong>Redes sociales y WEB<\/strong><\/p>\n<p>&nbsp;<\/p>\n<p style=\"text-align: left;\">A trav\u00e9s de nuestras cuentas de Twitter, Facebook, Linkedin e Instagram as\u00ed como a trav\u00e9s de nuestra web\u00a0 se proporciona informaci\u00f3n medioambiental actualizada.<\/p>\n<p>&nbsp;<\/p>\n<p style=\"text-align: left;\"><strong>Newsletters<\/strong><\/p>\n<p>&nbsp;<\/p>\n<p style=\"text-align: left;\">CEPYME Arag\u00f3n env\u00eda Newsletter semanales a sus asociados en los que, entre otras cuestiones, incluye cuestiones medioambientales:<\/p>\n<ul style=\"text-align: left;\">\n<li>Publicada la primera convocatoria del PERTE de Descarbonizaci\u00f3n Industrial.<\/li>\n<li>CEPYME Zaragoza aborda una jornada informativa: \u00abLas Pymes ante el Reto de la Gesti\u00f3n Ambiental\u00bb.<\/li>\n<li>Especial Heraldo: El gran desaf\u00edo que supone gestionar los residuos para las pymes aragonesas.<\/li>\n<li>Ayudas a empresas aragonesas para fomentar la utilizaci\u00f3n de las energ\u00edas renovables en el sector de la movilidad y la log\u00edstica.<\/li>\n<li>\u00bfTu comercio cumple la normativa de bolsas de pl\u00e1stico?.<\/li>\n<li>Ayudas a empresas aragonesas para fomentar la utilizaci\u00f3n de las energ\u00edas renovables en el sector de la movilidad y la log\u00edstica.<\/li>\n<li>Ayudas para infraestructuras el\u00e9ctricas, gas\u00edsticas, hidr\u00e1ulicas y de conectividad en la provincia de Teruel.<\/li>\n<li>\u00bfQu\u00e9 reformas de la nueva Ley de Movilidad Sostenible afectar\u00e1n a las empresas?.<\/li>\n<li>\u00bfConoces qu\u00e9 son los Certificados de Ahorro Energ\u00e9tico? Si eres una pyme ven al taller presencial el pr\u00f3ximo 14 de marzo.<\/li>\n<li>\u00bfEst\u00e1s implementando los ODS en tu empresa? Participa en la consulta empresarial del Pacto Mundial.<\/li>\n<li>Cepyme Zaragoza participa en el Intelligent Cities Challenge que apoya la transici\u00f3n verde y digital de la econom\u00eda local.<\/li>\n<li>Presenta tu candidatura al Premio Arag\u00f3n Medio Ambiente 2024.<\/li>\n<li>Zaragoza, modelo de alianza p\u00fablico-privada para acelerar la transformaci\u00f3n sostenible de las ciudades.<\/li>\n<li>CEPYME Zaragoza apoya al Ayuntamiento en los Pactos Locales Verdes que optan al reconocimiento de la Comisi\u00f3n Europea.<\/li>\n<li>Publicado un Perte de 100 millones para la econom\u00eda circular en el sector textil.<\/li>\n<li>El Consejo de Protecci\u00f3n de la Naturaleza organiza una conferencia sobre los \u00faltimos bosques v\u00edrgenes de Arag\u00f3n y las especies que albergan.<\/li>\n<li>Ya puedes solicitar el Plan Renove de aparatos electrodom\u00e9sticos y equipos productores de calor, fr\u00edo y agua caliente ..<\/li>\n<li>Nueva edici\u00f3n de los Premios Generali SME Enterprize Espa\u00f1a que premia a pymes sostenibles.<\/li>\n<li>El Consejo de Protecci\u00f3n de la Naturaleza organiza una mesa debate para acercar el proyecto de reintroducci\u00f3n del lince ib\u00e9rico.<\/li>\n<li>Subvenciones para el traslado de biorresiduos en Teruel.<\/li>\n<li>Ayudas para la implantaci\u00f3n de instalaciones de energ\u00edas renovables t\u00e9rmicas.<\/li>\n<li>Ayudas para reforzar la conectividad en pol\u00edgonos industriales y otras \u00e1reas de alta concentraci\u00f3n empresarial.<\/li>\n<li>Ayudas para proyectos de eficiencia energ\u00e9tica y econom\u00eda circular de empresas tur\u00edsticas.<\/li>\n<li>Ayudas para proyectos de econom\u00eda circular.<\/li>\n<li>Zaragoza se suma a la celebraci\u00f3n de la Semana Europea de la Movilidad conoce las actividades.<\/li>\n<li>Ayudas para el impulso de la econom\u00eda circular en el sector del pl\u00e1stico.<\/li>\n<li>Convocadas las ayudas de la l\u00ednea 4 del PERTE de Descarbonizaci\u00f3n para el\u00a0 desarrollo de instalaciones manufactureras altamente eficientes y descarbonizadas.<\/li>\n<li>Se establecen las bases reguladoras de las ayudas para actuaciones de mejora y modernizaci\u00f3n de \u00e1reas industriales.<\/li>\n<li>CEPYME Arag\u00f3n participa en la jornada \u201cMovilidad al trabajo\u201d que analizar\u00e1 los planes de movilidad sostenible al trabajo.<\/li>\n<li>CEPYME Arag\u00f3n advierte que los m\u00e1s perjudicados de la reducci\u00f3n de dotaci\u00f3n de agua ser\u00e1n las peque\u00f1as explotaciones.<\/li>\n<li>CEPYME Arag\u00f3n participa en la jornada \u00abMovilidad al trabajo\u00bb que analizar\u00e1 los planes de movilidad sostenible al trabajo.<\/li>\n<li>Asaja &#8211; ASAJA Arag\u00f3n pide a la CHE que trabaje en adaptar la normativa europea a las cuencas mediterr\u00e1neas.<\/li>\n<li>La Asociaci\u00f3n de Estaciones de Servicio de Arag\u00f3n organiza su XIII Jornada T\u00e9cnica.<\/li>\n<li>Ya puedes inscribirte al t\u00edtulo de Experto universitario en gesti\u00f3n de la sostenibilidad y la RS.<\/li>\n<li>Ayudas a empresas y explotaciones agrarias y ganaderas afectadas por las lluvias de finales de agosto y principios de noviembre.<\/li>\n<li>Publicadas las bases del Plan Renove para electrodom\u00e9sticos, equipos productores de calor y fr\u00edo y calderas.<\/li>\n<li>Ayudas a j\u00f3venes agricultores y a la modernizaci\u00f3n de explotaciones agrarias.<\/li>\n<\/ul>\n<p>&nbsp;<\/p>\n<p style=\"text-align: left;\">Asimismo se ofrece a nuestras asociaciones miembro y sus asociados la posibilidad de resolver cualquier tipo de consulta del \u00e1rea medioambiental.<\/p>\n<p>[\/vc_column_text][\/vc_column_inner][\/vc_row_inner][\/vc_column][\/vc_row][vc_row css_animation=\u00bb\u00bb row_type=\u00bbrow\u00bb use_row_as_full_screen_section=\u00bbno\u00bb type=\u00bbfull_width\u00bb angled_section=\u00bbno\u00bb text_align=\u00bbleft\u00bb background_image_as_pattern=\u00bbwithout_pattern\u00bb][vc_column][vc_empty_space height=\u00bb64&#8243;][\/vc_column][\/vc_row]<\/p>\n","protected":false},"excerpt":{"rendered":"<p>[vc_row css_animation=\u00bb\u00bb row_type=\u00bbrow\u00bb use_row_as_full_screen_section=\u00bbno\u00bb type=\u00bbfull_width\u00bb angled_section=\u00bbno\u00bb text_align=\u00bbleft\u00bb background_image_as_pattern=\u00bbwithout_pattern\u00bb z_index=\u00bb\u00bb][vc_column][vc_empty_space][vc_single_image image=\u00bb28&#8243; img_size=\u00bbmedium\u00bb onclick=\u00bbcustom_link\u00bb qode_css_animation=\u00bb\u00bb link=\u00bbhttps:\/\/memoria.cepymearagon.es\/index.php\/2024-2\/\u00bb][vc_empty_space][\/vc_column][\/vc_row][vc_row css_animation=\u00bb\u00bb row_type=\u00bbrow\u00bb use_row_as_full_screen_section=\u00bbyes\u00bb type=\u00bbfull_width\u00bb angled_section=\u00bbno\u00bb text_align=\u00bbleft\u00bb background_image_as_pattern=\u00bbwithout_pattern\u00bb z_index=\u00bb\u00bb][vc_column][vc_empty_space][vc_row_inner row_type=\u00bbrow\u00bb type=\u00bbfull_width\u00bb text_align=\u00bbcenter\u00bb css_animation=\u00bb\u00bb][vc_column_inner][custom_font font_size=\u00bb60&#8243; line_height=\u00bb\u00bb font_style=\u00bbnormal\u00bb text_align=\u00bbcenter\u00bb font_weight=\u00bb500&#8243; text_decoration=\u00bbnone\u00bb text_shadow=\u00bbyes\u00bb color=\u00bb#144733&#8243;] Medioambiente [\/custom_font][\/vc_column_inner][\/vc_row_inner][vc_empty_space height=\u00bb80&#8243;][\/vc_column][\/vc_row][vc_row css_animation=\u00bb\u00bb row_type=\u00bbrow\u00bb use_row_as_full_screen_section=\u00bbno\u00bb type=\u00bbgrid\u00bb angled_section=\u00bbno\u00bb text_align=\u00bbcenter\u00bb background_image_as_pattern=\u00bbwithout_pattern\u00bb z_index=\u00bb\u00bb][vc_column][vc_empty_space height=\u00bb64&#8243;][vc_row_inner row_type=\u00bbrow\u00bb type=\u00bbfull_width\u00bb text_align=\u00bbleft\u00bb css_animation=\u00bb\u00bb][vc_column_inner][vc_column_text] CEPYME Arag\u00f3n lleva a cabo [&hellip;]<\/p>\n","protected":false},"author":2,"featured_media":0,"parent":0,"menu_order":0,"comment_status":"closed","ping_status":"closed","template":"landing_page.php","meta":{"footnotes":""},"class_list":["post-4211","page","type-page","status-publish","hentry"],"_links":{"self":[{"href":"https:\/\/memoria.cepymearagon.es\/index.php\/wp-json\/wp\/v2\/pages\/4211","targetHints":{"allow":["GET"]}}],"collection":[{"href":"https:\/\/memoria.cepymearagon.es\/index.php\/wp-json\/wp\/v2\/pages"}],"about":[{"href":"https:\/\/memoria.cepymearagon.es\/index.php\/wp-json\/wp\/v2\/types\/page"}],"author":[{"embeddable":true,"href":"https:\/\/memoria.cepymearagon.es\/index.php\/wp-json\/wp\/v2\/users\/2"}],"replies":[{"embeddable":true,"href":"https:\/\/memoria.cepymearagon.es\/index.php\/wp-json\/wp\/v2\/comments?post=4211"}],"version-history":[{"count":1,"href":"https:\/\/memoria.cepymearagon.es\/index.php\/wp-json\/wp\/v2\/pages\/4211\/revisions"}],"predecessor-version":[{"id":4212,"href":"https:\/\/memoria.cepymearagon.es\/index.php\/wp-json\/wp\/v2\/pages\/4211\/revisions\/4212"}],"wp:attachment":[{"href":"https:\/\/memoria.cepymearagon.es\/index.php\/wp-json\/wp\/v2\/media?parent=4211"}],"curies":[{"name":"wp","href":"https:\/\/api.w.org\/{rel}","templated":true}]}}