{"id":2885,"date":"2022-03-15T13:12:37","date_gmt":"2022-03-15T13:12:37","guid":{"rendered":"http:\/\/memoria.cepymearagon.es\/?page_id=2885"},"modified":"2022-03-15T14:12:45","modified_gmt":"2022-03-15T14:12:45","slug":"2021-prevencion-de-riesgos-laborales","status":"publish","type":"page","link":"https:\/\/memoria.cepymearagon.es\/index.php\/2021-prevencion-de-riesgos-laborales\/","title":{"rendered":"2021 Prevenci\u00f3n de Riesgos Laborales"},"content":{"rendered":"<p>[vc_row css_animation=\u00bb\u00bb row_type=\u00bbrow\u00bb use_row_as_full_screen_section=\u00bbno\u00bb type=\u00bbfull_width\u00bb angled_section=\u00bbno\u00bb text_align=\u00bbleft\u00bb background_image_as_pattern=\u00bbwithout_pattern\u00bb css=\u00bb.vc_custom_1642595643522{margin-right: 5px !important;margin-left: 5px !important;background-color: #ffffff !important;}\u00bb z_index=\u00bb\u00bb][vc_column width=\u00bb1\/6&#8243;][vc_empty_space height=\u00bb10&#8243;][vc_single_image image=\u00bb28&#8243; img_size=\u00bb\u00bb onclick=\u00bbcustom_link\u00bb qode_css_animation=\u00bb\u00bb link=\u00bbhttp:\/\/memoria.cepymearagon.es\/index.php\/2021-2\/\u00bb][vc_empty_space height=\u00bb20&#8243;][\/vc_column][vc_column width=\u00bb1\/6&#8243;][vc_empty_space height=\u00bb20&#8243;][vc_column_text css=\u00bb.vc_custom_1642758861870{border-top-width: 2px !important;border-right-width: 2px !important;border-bottom-width: 2px !important;border-left-width: 2px !important;border-left-color: #114733 !important;border-left-style: solid !important;border-right-color: #114733 !important;border-right-style: solid !important;border-top-color: #114733 !important;border-top-style: solid !important;border-bottom-color: #114733 !important;border-bottom-style: solid !important;}\u00bb]<\/p>\n<p style=\"text-align: center;\"><a href=\"http:\/\/memoria.cepymearagon.es\/index.php\/2021-nuestra-organizacion\/\"><strong>NUESTRA ORGANIZACI\u00d3N<\/strong><\/a><\/p>\n<p>[\/vc_column_text][\/vc_column][vc_column width=\u00bb1\/6&#8243;][vc_empty_space height=\u00bb20&#8243;][vc_column_text css=\u00bb.vc_custom_1642758911208{border-top-width: 2px !important;border-right-width: 2px !important;border-bottom-width: 2px !important;border-left-width: 2px !important;border-left-color: #114733 !important;border-left-style: solid !important;border-right-color: #114733 !important;border-right-style: solid !important;border-top-color: #114733 !important;border-top-style: solid !important;border-bottom-color: #114733 !important;border-bottom-style: solid !important;}\u00bb]<\/p>\n<p style=\"text-align: center;\"><a href=\"http:\/\/memoria.cepymearagon.es\/index.php\/2021-nuestros-servicios\/\"><strong>NUESTROS SERVICIOS<\/strong><\/a><\/p>\n<p>[\/vc_column_text][\/vc_column][vc_column width=\u00bb1\/6&#8243;][vc_empty_space height=\u00bb20&#8243;][vc_column_text css=\u00bb.vc_custom_1642759025760{border-top-width: 2px !important;border-right-width: 2px !important;border-bottom-width: 2px !important;border-left-width: 2px !important;border-left-color: #114733 !important;border-left-style: solid !important;border-right-color: #114733 !important;border-right-style: solid !important;border-top-color: #114733 !important;border-top-style: solid !important;border-bottom-color: #114733 !important;border-bottom-style: solid !important;}\u00bb]<\/p>\n<p style=\"text-align: center;\"><a href=\"http:\/\/memoria.cepymearagon.es\/index.php\/2021-actividades\/\"><strong>ACTIVIDADES<\/strong><\/a><\/p>\n<p>[\/vc_column_text][\/vc_column][vc_column width=\u00bb1\/6&#8243;][vc_empty_space height=\u00bb20&#8243;][vc_column_text css=\u00bb.vc_custom_1642759108718{border-top-width: 2px !important;border-right-width: 2px !important;border-bottom-width: 2px !important;border-left-width: 2px !important;border-left-color: #114733 !important;border-left-style: solid !important;border-right-color: #114733 !important;border-right-style: solid !important;border-top-color: #114733 !important;border-top-style: solid !important;border-bottom-color: #114733 !important;border-bottom-style: solid !important;}\u00bb]<\/p>\n<p style=\"text-align: center;\"><a href=\"http:\/\/memoria.cepymearagon.es\/index.php\/2021-responsabilidad-social\/\"><strong>RESPONSABILIDAD SOCIAL<\/strong><\/a><\/p>\n<p>[\/vc_column_text][\/vc_column][vc_column width=\u00bb1\/6&#8243;][vc_empty_space height=\u00bb20&#8243;][vc_column_text css=\u00bb.vc_custom_1642759199812{border-top-width: 2px !important;border-right-width: 2px !important;border-bottom-width: 2px !important;border-left-width: 2px !important;border-left-color: #114733 !important;border-left-style: solid !important;border-right-color: #114733 !important;border-right-style: solid !important;border-top-color: #114733 !important;border-top-style: solid !important;border-bottom-color: #114733 !important;border-bottom-style: solid !important;}\u00bb]<\/p>\n<p style=\"text-align: center;\"><a href=\"http:\/\/memoria.cepymearagon.es\/index.php\/2021-confederaciones-provinciales\/\"><strong>CONFEDERACIONES PROVINCIALES<\/strong><\/a><\/p>\n<p>[\/vc_column_text][\/vc_column][\/vc_row][vc_row css_animation=\u00bb\u00bb row_type=\u00bbrow\u00bb use_row_as_full_screen_section=\u00bbno\u00bb type=\u00bbfull_width\u00bb angled_section=\u00bbno\u00bb text_align=\u00bbleft\u00bb video=\u00bbshow_video\u00bb video_mp4=\u00bbhttp:\/\/memoria.cepymearagon.es\/wp-content\/uploads\/2022\/01\/Background-3983.mp4&#8243; background_image_as_pattern=\u00bbwithout_pattern\u00bb z_index=\u00bb\u00bb][vc_column][vc_empty_space][vc_row_inner row_type=\u00bbrow\u00bb type=\u00bbfull_width\u00bb text_align=\u00bbleft\u00bb css_animation=\u00bb\u00bb css=\u00bb.vc_custom_1642590953878{margin-right: 5px !important;margin-left: 5px !important;}\u00bb][vc_column_inner][custom_font font_size=\u00bb70&#8243; line_height=\u00bb90&#8243; font_style=\u00bbnormal\u00bb text_align=\u00bbleft\u00bb font_weight=\u00bb600&#8243; text_decoration=\u00bbnone\u00bb text_shadow=\u00bbyes\u00bb color=\u00bb#ffffff\u00bb]<\/p>\n<p style=\"text-align: center;\">Prevenci\u00f3n de Riesgos Laborales<\/p>\n<p>[\/custom_font][\/vc_column_inner][\/vc_row_inner][vc_empty_space height=\u00bb75&#8243;][vc_row_inner row_type=\u00bbrow\u00bb type=\u00bbgrid\u00bb text_align=\u00bbleft\u00bb css_animation=\u00bb\u00bb][vc_column_inner width=\u00bb1\/2&#8243;][counter type=\u00bbzero\u00bb box=\u00bbno\u00bb position=\u00bbcenter\u00bb font_weight=\u00bb700&#8243; text_font_weight=\u00bb400&#8243; separator=\u00bbyes\u00bb font_size=\u00bb50&#8243; font_color=\u00bb#ffffff\u00bb text_size=\u00bb25&#8243; text=\u00bbSeguidores en redes sociales\u00bb digit=\u00bb2145&#8243; text_color=\u00bb#cad327&#8243;][\/vc_column_inner][vc_column_inner width=\u00bb1\/2&#8243;][counter type=\u00bbzero\u00bb box=\u00bbno\u00bb position=\u00bbcenter\u00bb font_weight=\u00bb700&#8243; text_font_weight=\u00bb400&#8243; separator=\u00bbyes\u00bb font_size=\u00bb50&#8243; font_color=\u00bb#ffffff\u00bb text_size=\u00bb25&#8243; text=\u00bbPublicaciones en redes sociales en materia de seguridad y salud laboral\u00bb digit=\u00bb1207&#8243; text_color=\u00bb#cad327&#8243;][\/vc_column_inner][\/vc_row_inner][vc_empty_space height=\u00bb75&#8243;][\/vc_column][\/vc_row][vc_row css_animation=\u00bb\u00bb row_type=\u00bbrow\u00bb use_row_as_full_screen_section=\u00bbno\u00bb type=\u00bbfull_width\u00bb angled_section=\u00bbno\u00bb text_align=\u00bbleft\u00bb background_image_as_pattern=\u00bbwithout_pattern\u00bb][vc_column][vc_empty_space height=\u00bb50&#8243;][\/vc_column][\/vc_row][vc_row css_animation=\u00bb\u00bb row_type=\u00bbrow\u00bb use_row_as_full_screen_section=\u00bbno\u00bb type=\u00bbgrid\u00bb angled_section=\u00bbno\u00bb text_align=\u00bbleft\u00bb background_image_as_pattern=\u00bbwithout_pattern\u00bb z_index=\u00bb\u00bb][vc_column][custom_font font_size=\u00bb23&#8243; line_height=\u00bb26&#8243; font_style=\u00bbnormal\u00bb text_align=\u00bbcenter\u00bb font_weight=\u00bb600&#8243; text_decoration=\u00bbnone\u00bb text_shadow=\u00bbno\u00bb padding=\u00bb\u00bb background_color=\u00bb#114733&#8243; color=\u00bb#ffffff\u00bb]<\/p>\n<p>COMUNICACI\u00d3N EN PREVENCI\u00d3N: DIVULGACI\u00d3N DE ACTIVIDADES, EVENTOS, NOTICIAS RELACIONADOS CON LA PREVENCI\u00d3N DE RIESGOS LABORALES<\/p>\n<p>[\/custom_font][vc_empty_space][\/vc_column][\/vc_row][vc_row css_animation=\u00bb\u00bb row_type=\u00bbrow\u00bb use_row_as_full_screen_section=\u00bbno\u00bb type=\u00bbfull_width\u00bb angled_section=\u00bbno\u00bb text_align=\u00bbleft\u00bb background_image_as_pattern=\u00bbwithout_pattern\u00bb][vc_column][vc_empty_space][\/vc_column][\/vc_row][vc_row css_animation=\u00bb\u00bb row_type=\u00bbrow\u00bb use_row_as_full_screen_section=\u00bbno\u00bb type=\u00bbgrid\u00bb angled_section=\u00bbno\u00bb text_align=\u00bbleft\u00bb background_image_as_pattern=\u00bbwithout_pattern\u00bb z_index=\u00bb\u00bb][vc_column width=\u00bb1\/2&#8243;][qode_in_device_slider device=\u00bbdesktop\u00bb titles_on_hover=\u00bbno\u00bb navigation=\u00bbno\u00bb auto_start=\u00bbno\u00bb][qode_in_device_slider_item target=\u00bb_self\u00bb image=\u00bb865&#8243;][\/qode_in_device_slider][\/vc_column][vc_column width=\u00bb1\/2&#8243;][vc_column_text]<\/p>\n<p>El objetivo de esta acci\u00f3n es sensibilizar y divulgar a las empresas, aut\u00f3nomos y asocia\u00adciones empresariales informaci\u00f3n pertinente, actualizada y ajustada a sus necesidades sobre prevenci\u00f3n de riesgos laborales que les ayude al cumplimiento de sus obligaciones legales y responsabilidades y a realizar un trabajo sin ning\u00fan riesgo, con la finalidad expresa de conse\u00adguir unos entornos laborales m\u00e1s seguros y saludables a trav\u00e9s de nuestro Blog Canal PRL <strong>\u00a0http:\/\/www.canalprl.com\/blog-prl<\/strong> y nuestras redes sociales.<\/p>\n<p>[\/vc_column_text][\/vc_column][\/vc_row][vc_row css_animation=\u00bb\u00bb row_type=\u00bbrow\u00bb use_row_as_full_screen_section=\u00bbno\u00bb type=\u00bbfull_width\u00bb angled_section=\u00bbno\u00bb text_align=\u00bbleft\u00bb background_image_as_pattern=\u00bbwithout_pattern\u00bb][vc_column][vc_empty_space height=\u00bb64&#8243;][\/vc_column][\/vc_row][vc_row css_animation=\u00bb\u00bb row_type=\u00bbrow\u00bb use_row_as_full_screen_section=\u00bbno\u00bb type=\u00bbgrid\u00bb angled_section=\u00bbno\u00bb text_align=\u00bbleft\u00bb background_image_as_pattern=\u00bbwithout_pattern\u00bb z_index=\u00bb\u00bb][vc_column][custom_font font_size=\u00bb23&#8243; line_height=\u00bb26&#8243; font_style=\u00bbnormal\u00bb text_align=\u00bbcenter\u00bb font_weight=\u00bb600&#8243; text_decoration=\u00bbnone\u00bb text_shadow=\u00bbno\u00bb padding=\u00bb\u00bb background_color=\u00bb#114733&#8243; color=\u00bb#ffffff\u00bb]<\/p>\n<p>SEGURIDAD EN M\u00c1QUINAS. RESGUARDOS Y DISPOSITIVOS DE SEGURIDAD<\/p>\n<p>[\/custom_font][vc_empty_space][\/vc_column][\/vc_row][vc_row css_animation=\u00bb\u00bb row_type=\u00bbrow\u00bb use_row_as_full_screen_section=\u00bbno\u00bb type=\u00bbfull_width\u00bb angled_section=\u00bbno\u00bb text_align=\u00bbleft\u00bb background_image_as_pattern=\u00bbwithout_pattern\u00bb][vc_column][vc_empty_space height=\u00bb32&#8243;][\/vc_column][\/vc_row][vc_row css_animation=\u00bb\u00bb row_type=\u00bbrow\u00bb use_row_as_full_screen_section=\u00bbno\u00bb type=\u00bbgrid\u00bb angled_section=\u00bbno\u00bb text_align=\u00bbleft\u00bb background_image_as_pattern=\u00bbwithout_pattern\u00bb z_index=\u00bb\u00bb][vc_column width=\u00bb1\/2&#8243;][vc_column_text]<\/p>\n<p>El objetivo general pretendido a trav\u00e9s de la elaboraci\u00f3n de esta gu\u00eda es \u00a0la concienciaci\u00f3n sobre los riesgos derivados de la utilizaci\u00f3n de m\u00e1quinas en el \u00e1mbito laboral y divulgaci\u00f3n de los sistemas de protecci\u00f3n adecuados para reducirlos.<\/p>\n<p>&nbsp;<\/p>\n<p>Se ha elaborado un documento asequible y sencillo que permite a las empresas y profesionales del sector conocer los resguardos y dispositivos de seguridad que se pueden aplicar en las m\u00e1quinas y los requisitos de seguridad necesarios para su instalaci\u00f3n y dise\u00f1o.<\/p>\n<p>[\/vc_column_text][\/vc_column][vc_column width=\u00bb1\/2&#8243;][vc_single_image image=\u00bb2887&#8243; img_size=\u00bbmedium\u00bb alignment=\u00bbcenter\u00bb style=\u00bbvc_box_shadow_3d\u00bb qode_css_animation=\u00bb\u00bb][\/vc_column][\/vc_row][vc_row css_animation=\u00bb\u00bb row_type=\u00bbrow\u00bb use_row_as_full_screen_section=\u00bbno\u00bb type=\u00bbfull_width\u00bb angled_section=\u00bbno\u00bb text_align=\u00bbleft\u00bb background_image_as_pattern=\u00bbwithout_pattern\u00bb][vc_column][vc_empty_space height=\u00bb64&#8243;][\/vc_column][\/vc_row][vc_row css_animation=\u00bb\u00bb row_type=\u00bbrow\u00bb use_row_as_full_screen_section=\u00bbno\u00bb type=\u00bbgrid\u00bb angled_section=\u00bbno\u00bb text_align=\u00bbleft\u00bb background_image_as_pattern=\u00bbwithout_pattern\u00bb z_index=\u00bb\u00bb][vc_column][custom_font font_size=\u00bb23&#8243; line_height=\u00bb26&#8243; font_style=\u00bbnormal\u00bb text_align=\u00bbcenter\u00bb font_weight=\u00bb600&#8243; text_decoration=\u00bbnone\u00bb text_shadow=\u00bbno\u00bb padding=\u00bb\u00bb background_color=\u00bb#114733&#8243; color=\u00bb#ffffff\u00bb]<\/p>\n<p>CAMPA\u00d1A INFORMATIVA A PYMES Y AUT\u00d3NOMOS DEL SECTOR DEL TRANSPORTE DE MERCANC\u00cdAS SOBRE RIESGOS ESPEC\u00cdFICOS<\/p>\n<p>[\/custom_font][vc_empty_space][\/vc_column][\/vc_row][vc_row css_animation=\u00bb\u00bb row_type=\u00bbrow\u00bb use_row_as_full_screen_section=\u00bbno\u00bb type=\u00bbfull_width\u00bb angled_section=\u00bbno\u00bb text_align=\u00bbleft\u00bb background_image_as_pattern=\u00bbwithout_pattern\u00bb][vc_column][vc_empty_space height=\u00bb32&#8243;][\/vc_column][\/vc_row][vc_row css_animation=\u00bb\u00bb row_type=\u00bbrow\u00bb use_row_as_full_screen_section=\u00bbno\u00bb type=\u00bbgrid\u00bb angled_section=\u00bbno\u00bb text_align=\u00bbleft\u00bb background_image_as_pattern=\u00bbwithout_pattern\u00bb z_index=\u00bb\u00bb][vc_column width=\u00bb1\/2&#8243;][vc_single_image image=\u00bb2889&#8243; img_size=\u00bbmedium\u00bb alignment=\u00bbcenter\u00bb style=\u00bbvc_box_shadow_3d\u00bb qode_css_animation=\u00bb\u00bb][\/vc_column][vc_column width=\u00bb1\/2&#8243;][vc_column_text]<\/p>\n<p>El sector del transporte de mercanc\u00edas constituye un eje fundamental en la econom\u00eda de nuestra Comunidad Aut\u00f3noma y el n\u00famero de transacciones que se realizan a diario es elevad\u00edsimo. Seg\u00fan el informe de accidentes con baja en jornada de trabajo en nuestro territorio, durante el a\u00f1o 2019, el 8,90% correspondieron a sector de transporte y almacenamiento, aumentando hasta el 19,23% en el caso de accidentes mortales.<\/p>\n<p>&nbsp;<\/p>\n<p>Por ello se consider\u00f3 interesante elaborar una serie de 5 carteles informativos sobre los riesgos laborales espec\u00edficos del sector que sirvan de ayuda a empresas especialmente pymes y aut\u00f3nomos del sector, as\u00ed como a los trabajadores del mismo para conocer los riesgos m\u00e1s caracter\u00edsticos del sector y las medidas preventivas a adoptar.<\/p>\n<p>&nbsp;<\/p>\n<p>[\/vc_column_text][\/vc_column][\/vc_row][vc_row css_animation=\u00bb\u00bb row_type=\u00bbrow\u00bb use_row_as_full_screen_section=\u00bbno\u00bb type=\u00bbfull_width\u00bb angled_section=\u00bbno\u00bb text_align=\u00bbleft\u00bb background_image_as_pattern=\u00bbwithout_pattern\u00bb][vc_column][vc_empty_space height=\u00bb64&#8243;][\/vc_column][\/vc_row][vc_row css_animation=\u00bb\u00bb row_type=\u00bbrow\u00bb use_row_as_full_screen_section=\u00bbno\u00bb type=\u00bbgrid\u00bb angled_section=\u00bbno\u00bb text_align=\u00bbleft\u00bb background_image_as_pattern=\u00bbwithout_pattern\u00bb z_index=\u00bb\u00bb][vc_column][custom_font font_size=\u00bb23&#8243; line_height=\u00bb26&#8243; font_style=\u00bbnormal\u00bb text_align=\u00bbcenter\u00bb font_weight=\u00bb600&#8243; text_decoration=\u00bbnone\u00bb text_shadow=\u00bbno\u00bb padding=\u00bb\u00bb background_color=\u00bb#114733&#8243; color=\u00bb#ffffff\u00bb]<\/p>\n<p>CAMPA\u00d1A INFORMATIVA A PYMES Y AUT\u00d3NOMOS DEL SECTOR DEL TRANSPORTE DE MERCANC\u00cdAS SOBRE RIESGOS ESPEC\u00cdFICOS<\/p>\n<p>[\/custom_font][vc_empty_space][\/vc_column][\/vc_row][vc_row css_animation=\u00bb\u00bb row_type=\u00bbrow\u00bb use_row_as_full_screen_section=\u00bbno\u00bb type=\u00bbfull_width\u00bb angled_section=\u00bbno\u00bb text_align=\u00bbleft\u00bb background_image_as_pattern=\u00bbwithout_pattern\u00bb][vc_column][vc_empty_space height=\u00bb32&#8243;][\/vc_column][\/vc_row][vc_row css_animation=\u00bb\u00bb row_type=\u00bbrow\u00bb use_row_as_full_screen_section=\u00bbno\u00bb type=\u00bbgrid\u00bb angled_section=\u00bbno\u00bb text_align=\u00bbleft\u00bb background_image_as_pattern=\u00bbwithout_pattern\u00bb z_index=\u00bb\u00bb][vc_column width=\u00bb1\/2&#8243;][vc_column_text]<\/p>\n<p>La pandemia del Covid-19 ha supuesto a nivel mundial una de las crisis m\u00e1s importantes de nuestra historia reciente, con un gran impacto sanitario, social y econ\u00f3mico.<\/p>\n<p>&nbsp;<\/p>\n<p>La evoluci\u00f3n de esta crisis ha obligado a adaptar y concretar de manera continua las medidas adoptadas garantizando la capacidad de respuesta de todos los sectores econ\u00f3micos y sociales. Por tanto, la intervenci\u00f3n de las empresas, a trav\u00e9s de sus servicios de prevenci\u00f3n, frente a la exposici\u00f3n al SARS-COV-2 es crucial adaptando de manera continua su actividad en virtud de las recomendaciones y medidas actualizadas de prevenci\u00f3n con el objetivo general de evitar los contagios.<\/p>\n<p>&nbsp;<\/p>\n<p>Por ello, se consider\u00f3 de gran inter\u00e9s llevar a cabo un webinar de sensibilizaci\u00f3n dirigido a empresas, profesionales y personas trabajadoras en la que se aborden temas de actualidad y principales novedades en cuanto a la gesti\u00f3n de la pandemia en el \u00e1mbito laboral.<\/p>\n<p>&nbsp;<\/p>\n<p>El webinar tuvo lugar el pasado 15 de diciembre a las 9:30 de la ma\u00f1ana y cont\u00f3 con la colaboraci\u00f3n de la Direcci\u00f3n Territorial de la Inspecci\u00f3n de Trabajo y Seguridad Social de Arag\u00f3n a trav\u00e9s de su Jefe de Unidad de seguridad y salud Laboral D. Francisco Luna Lacarta y con Don Javier Garc\u00eda Campayo, profesor titular de psiquiatr\u00eda de la Universidad de Zaragoza.<\/p>\n<p>[\/vc_column_text][\/vc_column][vc_column width=\u00bb1\/2&#8243;][qode_in_device_slider device=\u00bbdesktop\u00bb titles_on_hover=\u00bbno\u00bb navigation=\u00bbno\u00bb auto_start=\u00bbno\u00bb][qode_in_device_slider_item target=\u00bb_self\u00bb image=\u00bb2892&#8243;][\/qode_in_device_slider][\/vc_column][\/vc_row][vc_row css_animation=\u00bb\u00bb row_type=\u00bbrow\u00bb use_row_as_full_screen_section=\u00bbno\u00bb type=\u00bbfull_width\u00bb angled_section=\u00bbno\u00bb text_align=\u00bbleft\u00bb background_image_as_pattern=\u00bbwithout_pattern\u00bb][vc_column][vc_empty_space height=\u00bb64&#8243;][\/vc_column][\/vc_row]<\/p>\n","protected":false},"excerpt":{"rendered":"<p>[vc_row css_animation=\u00bb\u00bb row_type=\u00bbrow\u00bb use_row_as_full_screen_section=\u00bbno\u00bb type=\u00bbfull_width\u00bb angled_section=\u00bbno\u00bb text_align=\u00bbleft\u00bb background_image_as_pattern=\u00bbwithout_pattern\u00bb css=\u00bb.vc_custom_1642595643522{margin-right: 5px !important;margin-left: 5px !important;background-color: #ffffff !important;}\u00bb z_index=\u00bb\u00bb][vc_column width=\u00bb1\/6&#8243;][vc_empty_space height=\u00bb10&#8243;][vc_single_image image=\u00bb28&#8243; img_size=\u00bb\u00bb onclick=\u00bbcustom_link\u00bb qode_css_animation=\u00bb\u00bb link=\u00bbhttp:\/\/memoria.cepymearagon.es\/index.php\/2021-2\/\u00bb][vc_empty_space height=\u00bb20&#8243;][\/vc_column][vc_column width=\u00bb1\/6&#8243;][vc_empty_space height=\u00bb20&#8243;][vc_column_text css=\u00bb.vc_custom_1642758861870{border-top-width: 2px !important;border-right-width: 2px !important;border-bottom-width: 2px !important;border-left-width: 2px !important;border-left-color: #114733 !important;border-left-style: solid !important;border-right-color: #114733 !important;border-right-style: solid !important;border-top-color: #114733 !important;border-top-style: solid !important;border-bottom-color: #114733 !important;border-bottom-style: solid !important;}\u00bb] NUESTRA ORGANIZACI\u00d3N [\/vc_column_text][\/vc_column][vc_column width=\u00bb1\/6&#8243;][vc_empty_space [&hellip;]<\/p>\n","protected":false},"author":2,"featured_media":0,"parent":0,"menu_order":0,"comment_status":"closed","ping_status":"closed","template":"landing_page.php","meta":{"footnotes":""},"class_list":["post-2885","page","type-page","status-publish","hentry"],"_links":{"self":[{"href":"https:\/\/memoria.cepymearagon.es\/index.php\/wp-json\/wp\/v2\/pages\/2885","targetHints":{"allow":["GET"]}}],"collection":[{"href":"https:\/\/memoria.cepymearagon.es\/index.php\/wp-json\/wp\/v2\/pages"}],"about":[{"href":"https:\/\/memoria.cepymearagon.es\/index.php\/wp-json\/wp\/v2\/types\/page"}],"author":[{"embeddable":true,"href":"https:\/\/memoria.cepymearagon.es\/index.php\/wp-json\/wp\/v2\/users\/2"}],"replies":[{"embeddable":true,"href":"https:\/\/memoria.cepymearagon.es\/index.php\/wp-json\/wp\/v2\/comments?post=2885"}],"version-history":[{"count":5,"href":"https:\/\/memoria.cepymearagon.es\/index.php\/wp-json\/wp\/v2\/pages\/2885\/revisions"}],"predecessor-version":[{"id":2895,"href":"https:\/\/memoria.cepymearagon.es\/index.php\/wp-json\/wp\/v2\/pages\/2885\/revisions\/2895"}],"wp:attachment":[{"href":"https:\/\/memoria.cepymearagon.es\/index.php\/wp-json\/wp\/v2\/media?parent=2885"}],"curies":[{"name":"wp","href":"https:\/\/api.w.org\/{rel}","templated":true}]}}