{"id":2299,"date":"2021-02-10T09:22:19","date_gmt":"2021-02-10T09:22:19","guid":{"rendered":"http:\/\/memoria.cepymearagon.es\/?page_id=2299"},"modified":"2021-02-10T11:51:22","modified_gmt":"2021-02-10T11:51:22","slug":"2020-cepyme-teruel","status":"publish","type":"page","link":"https:\/\/memoria.cepymearagon.es\/index.php\/2020-cepyme-teruel\/","title":{"rendered":"2020 CEPYME Teruel"},"content":{"rendered":"<p>[vc_row css_animation=\u00bb\u00bb row_type=\u00bbrow\u00bb use_row_as_full_screen_section=\u00bbno\u00bb type=\u00bbfull_width\u00bb angled_section=\u00bbno\u00bb text_align=\u00bbleft\u00bb background_image_as_pattern=\u00bbwithout_pattern\u00bb z_index=\u00bb\u00bb css=\u00bb.vc_custom_1610018044125{margin-right: 5px !important;margin-left: 5px !important;}\u00bb][vc_column width=\u00bb1\/6&#8243;][vc_empty_space height=\u00bb10&#8243;][vc_single_image image=\u00bb28&#8243; img_size=\u00bb\u00bb onclick=\u00bbcustom_link\u00bb qode_css_animation=\u00bb\u00bb link=\u00bbhttp:\/\/memoria.cepymearagon.es\/index.php\/2020-2\/\u00bb][\/vc_column][vc_column width=\u00bb1\/6&#8243;][vc_empty_space height=\u00bb30&#8243;][custom_font font_size=\u00bb15&#8243; line_height=\u00bb26&#8243; font_style=\u00bbnormal\u00bb text_align=\u00bbleft\u00bb font_weight=\u00bb300&#8243; text_decoration=\u00bbnone\u00bb text_shadow=\u00bbno\u00bb border_color=\u00bb#114733&#8243;]<\/p>\n<h3 style=\"text-align: center;\"><a href=\"http:\/\/memoria.cepymearagon.es\/index.php\/2020-nuestra-organizacion\/\">Nuestra organizaci\u00f3n<\/a><\/h3>\n<p>[\/custom_font][\/vc_column][vc_column width=\u00bb1\/6&#8243;][vc_empty_space height=\u00bb30&#8243;][custom_font font_size=\u00bb15&#8243; line_height=\u00bb26&#8243; font_style=\u00bbnormal\u00bb text_align=\u00bbleft\u00bb font_weight=\u00bb300&#8243; text_decoration=\u00bbnone\u00bb text_shadow=\u00bbno\u00bb border_color=\u00bb#114733&#8243;]<\/p>\n<h3 style=\"text-align: center;\"><a href=\"http:\/\/memoria.cepymearagon.es\/index.php\/2020-nuestros-servicios\/\">Nuestros servicios<\/a><\/h3>\n<p>[\/custom_font][\/vc_column][vc_column width=\u00bb1\/6&#8243;][vc_empty_space height=\u00bb30&#8243;][custom_font font_size=\u00bb15&#8243; line_height=\u00bb26&#8243; font_style=\u00bbnormal\u00bb text_align=\u00bbleft\u00bb font_weight=\u00bb300&#8243; text_decoration=\u00bbnone\u00bb text_shadow=\u00bbno\u00bb border_color=\u00bb#114733&#8243;]<\/p>\n<h3 style=\"text-align: center;\"><a href=\"http:\/\/memoria.cepymearagon.es\/index.php\/2020-actividades\/\">Actividades<\/a><\/h3>\n<p>[\/custom_font][\/vc_column][vc_column width=\u00bb1\/6&#8243;][vc_empty_space height=\u00bb20&#8243;][custom_font font_size=\u00bb15&#8243; line_height=\u00bb26&#8243; font_style=\u00bbnormal\u00bb text_align=\u00bbleft\u00bb font_weight=\u00bb300&#8243; text_decoration=\u00bbnone\u00bb text_shadow=\u00bbno\u00bb border_color=\u00bb#114733&#8243;]<\/p>\n<h3 style=\"text-align: center;\"><a href=\"http:\/\/memoria.cepymearagon.es\/index.php\/2020-rsa\/\">Responsabilidad Social Empresarial<\/a><\/h3>\n<p>[\/custom_font][\/vc_column][vc_column width=\u00bb1\/6&#8243;][vc_empty_space height=\u00bb20&#8243;][custom_font font_size=\u00bb15&#8243; line_height=\u00bb26&#8243; font_style=\u00bbnormal\u00bb text_align=\u00bbleft\u00bb font_weight=\u00bb300&#8243; text_decoration=\u00bbnone\u00bb text_shadow=\u00bbno\u00bb border_color=\u00bb#114733&#8243;]<\/p>\n<h3 style=\"text-align: center;\"><a href=\"http:\/\/memoria.cepymearagon.es\/index.php\/2020-confederaciones-provinciales\/\">Confederaciones provinciales<\/a><\/h3>\n<p>[\/custom_font][\/vc_column][\/vc_row][vc_row css_animation=\u00bb\u00bb row_type=\u00bbrow\u00bb use_row_as_full_screen_section=\u00bbno\u00bb type=\u00bbfull_width\u00bb angled_section=\u00bbno\u00bb text_align=\u00bbleft\u00bb background_image_as_pattern=\u00bbwithout_pattern\u00bb border_color=\u00bb#114733&#8243; z_index=\u00bb\u00bb][vc_column][vc_empty_space height=\u00bb10&#8243;][\/vc_column][\/vc_row][vc_row css_animation=\u00bb\u00bb row_type=\u00bbrow\u00bb use_row_as_full_screen_section=\u00bbno\u00bb type=\u00bbfull_width\u00bb angled_section=\u00bbno\u00bb text_align=\u00bbleft\u00bb background_image_as_pattern=\u00bbwithout_pattern\u00bb][vc_column][image_with_text_over icon_size=\u00bbfa-lg\u00bb image=\u00bb2305&#8243; title=\u00bbComit\u00e9 Ejecutivo\u00bb title_size=\u00bb50&#8243;][\/image_with_text_over][vc_empty_space height=\u00bb32&#8243;][\/vc_column][\/vc_row][vc_row css_animation=\u00bbelement_from_top\u00bb row_type=\u00bbrow\u00bb use_row_as_full_screen_section=\u00bbno\u00bb type=\u00bbgrid\u00bb angled_section=\u00bbno\u00bb text_align=\u00bbcenter\u00bb background_image_as_pattern=\u00bbwithout_pattern\u00bb z_index=\u00bb\u00bb][vc_column width=\u00bb1\/3&#8243;][\/vc_column][vc_column width=\u00bb1\/3&#8243;][vc_single_image image=\u00bb469&#8243; img_size=\u00bbtiny\u00bb alignment=\u00bbcenter\u00bb style=\u00bbvc_box_outline_circle_2&#8243; qode_css_animation=\u00bbelement_from_top\u00bb][icon_list_item icon=\u00bbfa-male\u00bb icon_type=\u00bbcircle\u00bb title_font_weight=\u00bb700&#8243; title=\u00bbCi\u00e9rcoles, Juan Andr\u00e9s\u00bb title_size=\u00bb20&#8243; margin_bottom=\u00bb-15&#8243; icon_color=\u00bb#004631&#8243; icon_background_color=\u00bb#cad327&#8243; icon_border_color=\u00bb#004631&#8243;][vc_column_text]<\/p>\n<p style=\"text-align: center;\">Presidente CEPYME Teruel<\/p>\n<p>[\/vc_column_text][\/vc_column][vc_column width=\u00bb1\/3&#8243;][\/vc_column][\/vc_row][vc_row css_animation=\u00bb\u00bb row_type=\u00bbrow\u00bb use_row_as_full_screen_section=\u00bbno\u00bb type=\u00bbfull_width\u00bb angled_section=\u00bbno\u00bb text_align=\u00bbleft\u00bb background_image_as_pattern=\u00bbwithout_pattern\u00bb][vc_column][vc_empty_space height=\u00bb45&#8243;][\/vc_column][\/vc_row][vc_row css_animation=\u00bbelement_from_top\u00bb row_type=\u00bbrow\u00bb use_row_as_full_screen_section=\u00bbno\u00bb type=\u00bbgrid\u00bb angled_section=\u00bbno\u00bb text_align=\u00bbcenter\u00bb background_image_as_pattern=\u00bbwithout_pattern\u00bb z_index=\u00bb\u00bb][vc_column width=\u00bb1\/4&#8243;][icon_list_item icon=\u00bbfa-male\u00bb icon_type=\u00bbcircle\u00bb title_font_weight=\u00bb700&#8243; title=\u00bbGuille\u0301n, Jose\u0301 Antonio\u00bb title_size=\u00bb20&#8243; margin_bottom=\u00bb-15&#8243; icon_color=\u00bb#004631&#8243; icon_background_color=\u00bb#cad327&#8243; icon_border_color=\u00bb#004631&#8243;][vc_column_text]<\/p>\n<p style=\"text-align: center;\">Vicepresidente primero<\/p>\n<p>[\/vc_column_text][\/vc_column][vc_column width=\u00bb1\/4&#8243;][icon_list_item icon=\u00bbfa-male\u00bb icon_type=\u00bbcircle\u00bb title_font_weight=\u00bb700&#8243; title=\u00bbEscuder, Juan Carlos\u00bb title_size=\u00bb20&#8243; margin_bottom=\u00bb-15&#8243; icon_color=\u00bb#004631&#8243; icon_background_color=\u00bb#cad327&#8243; icon_border_color=\u00bb#004631&#8243;][vc_column_text]<\/p>\n<p style=\"text-align: center;\">Vicepresidente segundo<\/p>\n<p>[\/vc_column_text][\/vc_column][vc_column width=\u00bb1\/4&#8243;][icon_list_item icon=\u00bbfa-male\u00bb icon_type=\u00bbcircle\u00bb title_font_weight=\u00bb700&#8243; title=\u00bbHern\u00e1ndez, Francisco\u00bb title_size=\u00bb20&#8243; margin_bottom=\u00bb-15&#8243; icon_color=\u00bb#004631&#8243; icon_background_color=\u00bb#cad327&#8243; icon_border_color=\u00bb#004631&#8243;][vc_column_text]<\/p>\n<p style=\"text-align: center;\">Tesorero<\/p>\n<p>[\/vc_column_text][\/vc_column][vc_column width=\u00bb1\/4&#8243;][icon_list_item icon=\u00bbfa-male\u00bb icon_type=\u00bbcircle\u00bb title_font_weight=\u00bb700&#8243; title=\u00bbSoriano, Ce\u0301sar\u00bb title_size=\u00bb20&#8243; margin_bottom=\u00bb-15&#8243; icon_color=\u00bb#004631&#8243; icon_background_color=\u00bb#cad327&#8243; icon_border_color=\u00bb#004631&#8243;][vc_column_text]<\/p>\n<p style=\"text-align: center;\">Vocal<\/p>\n<p>[\/vc_column_text][\/vc_column][\/vc_row][vc_row css_animation=\u00bb\u00bb row_type=\u00bbrow\u00bb use_row_as_full_screen_section=\u00bbno\u00bb type=\u00bbfull_width\u00bb angled_section=\u00bbno\u00bb text_align=\u00bbleft\u00bb background_image_as_pattern=\u00bbwithout_pattern\u00bb][vc_column][vc_empty_space height=\u00bb45&#8243;][\/vc_column][\/vc_row][vc_row css_animation=\u00bbelement_from_top\u00bb row_type=\u00bbrow\u00bb use_row_as_full_screen_section=\u00bbno\u00bb type=\u00bbgrid\u00bb angled_section=\u00bbno\u00bb text_align=\u00bbcenter\u00bb background_image_as_pattern=\u00bbwithout_pattern\u00bb z_index=\u00bb\u00bb][vc_column width=\u00bb1\/4&#8243;][icon_list_item icon=\u00bbfa-male\u00bb icon_type=\u00bbcircle\u00bb title_font_weight=\u00bb700&#8243; title=\u00bbS\u00e1nchez, Carlos A.\u00bb title_size=\u00bb20&#8243; margin_bottom=\u00bb-15&#8243; icon_color=\u00bb#004631&#8243; icon_background_color=\u00bb#cad327&#8243; icon_border_color=\u00bb#004631&#8243;][vc_column_text]<\/p>\n<p style=\"text-align: center;\">Vocal<\/p>\n<p>[\/vc_column_text][\/vc_column][vc_column width=\u00bb1\/4&#8243;][icon_list_item icon=\u00bbfa-male\u00bb icon_type=\u00bbcircle\u00bb title_font_weight=\u00bb700&#8243; title=\u00bbRi\u0301os, Juan Jos\u00e9\u00bb title_size=\u00bb20&#8243; margin_bottom=\u00bb-15&#8243; icon_color=\u00bb#004631&#8243; icon_background_color=\u00bb#cad327&#8243; icon_border_color=\u00bb#004631&#8243;][vc_column_text]<\/p>\n<p style=\"text-align: center;\">Vocal<\/p>\n<p>[\/vc_column_text][\/vc_column][vc_column width=\u00bb1\/4&#8243;][icon_list_item icon=\u00bbfa-male\u00bb icon_type=\u00bbcircle\u00bb title_font_weight=\u00bb700&#8243; title=\u00bbHigueras, Jose\u0301 Antonio\u00bb title_size=\u00bb20&#8243; margin_bottom=\u00bb-15&#8243; icon_color=\u00bb#004631&#8243; icon_background_color=\u00bb#cad327&#8243; icon_border_color=\u00bb#004631&#8243;][vc_column_text]<\/p>\n<p style=\"text-align: center;\">Vocal<\/p>\n<p>[\/vc_column_text][\/vc_column][vc_column width=\u00bb1\/4&#8243;][icon_list_item icon=\u00bbfa-male\u00bb icon_type=\u00bbcircle\u00bb title_font_weight=\u00bb700&#8243; title=\u00bbGuille\u0301n, Jose\u0301 Luis\u00bb title_size=\u00bb20&#8243; margin_bottom=\u00bb-15&#8243; icon_color=\u00bb#004631&#8243; icon_background_color=\u00bb#cad327&#8243; icon_border_color=\u00bb#004631&#8243;][vc_column_text]<\/p>\n<p style=\"text-align: center;\">Vocal<\/p>\n<p>[\/vc_column_text][\/vc_column][\/vc_row][vc_row css_animation=\u00bb\u00bb row_type=\u00bbrow\u00bb use_row_as_full_screen_section=\u00bbno\u00bb type=\u00bbfull_width\u00bb angled_section=\u00bbno\u00bb text_align=\u00bbleft\u00bb background_image_as_pattern=\u00bbwithout_pattern\u00bb][vc_column][vc_empty_space height=\u00bb45&#8243;][\/vc_column][\/vc_row][vc_row css_animation=\u00bbelement_from_top\u00bb row_type=\u00bbrow\u00bb use_row_as_full_screen_section=\u00bbno\u00bb type=\u00bbgrid\u00bb angled_section=\u00bbno\u00bb text_align=\u00bbcenter\u00bb background_image_as_pattern=\u00bbwithout_pattern\u00bb z_index=\u00bb\u00bb][vc_column width=\u00bb1\/3&#8243;][\/vc_column][vc_column width=\u00bb1\/3&#8243;][icon_list_item icon=\u00bbfa-male\u00bb icon_type=\u00bbcircle\u00bb title_font_weight=\u00bb700&#8243; title=\u00bbCalvo, Sergio\u00bb title_size=\u00bb20&#8243; margin_bottom=\u00bb-15&#8243; icon_color=\u00bb#004631&#8243; icon_background_color=\u00bb#cad327&#8243; icon_border_color=\u00bb#004631&#8243;][vc_column_text]<\/p>\n<p style=\"text-align: center;\">Secretario General<\/p>\n<p>[\/vc_column_text][\/vc_column][vc_column width=\u00bb1\/3&#8243;][\/vc_column][\/vc_row][vc_row css_animation=\u00bb\u00bb row_type=\u00bbrow\u00bb use_row_as_full_screen_section=\u00bbno\u00bb type=\u00bbfull_width\u00bb angled_section=\u00bbno\u00bb text_align=\u00bbleft\u00bb background_image_as_pattern=\u00bbwithout_pattern\u00bb][vc_column][vc_empty_space height=\u00bb64&#8243;][\/vc_column][\/vc_row][vc_row css_animation=\u00bb\u00bb row_type=\u00bbrow\u00bb use_row_as_full_screen_section=\u00bbno\u00bb type=\u00bbfull_width\u00bb angled_section=\u00bbno\u00bb text_align=\u00bbleft\u00bb background_image_as_pattern=\u00bbwithout_pattern\u00bb][vc_column][image_with_text_over icon_size=\u00bbfa-lg\u00bb image=\u00bb2308&#8243; title=\u00bbAsamblea General\u00bb title_size=\u00bb50&#8243;][\/image_with_text_over][vc_empty_space height=\u00bb32&#8243;][\/vc_column][\/vc_row][vc_row css_animation=\u00bb\u00bb row_type=\u00bbrow\u00bb use_row_as_full_screen_section=\u00bbno\u00bb type=\u00bbgrid\u00bb angled_section=\u00bbno\u00bb text_align=\u00bbcenter\u00bb background_image_as_pattern=\u00bbwithout_pattern\u00bb z_index=\u00bb\u00bb][vc_column width=\u00bb1\/2&#8243;][custom_font font_size=\u00bb23&#8243; line_height=\u00bb26&#8243; font_style=\u00bbnormal\u00bb text_align=\u00bbcenter\u00bb font_weight=\u00bb600&#8243; text_decoration=\u00bbnone\u00bb text_shadow=\u00bbno\u00bb color=\u00bb#ffffff\u00bb background_color=\u00bb#114733&#8243;]Asociaciones sectoriales[\/custom_font][vc_empty_space height=\u00bb32&#8243;][vc_column_text]Asociaci\u00f3n Empresarial Provincial de Hosteler\u00eda y Turismo<\/p>\n<p>Asociaci\u00f3n Empresarial Provincial de Panaderos de Teruel<\/p>\n<p>Asociaci\u00f3n Interempresarial Provincial de Comercio<\/p>\n<p>Asociaci\u00f3n Empresarial Provincial de Transportes por Carretera<\/p>\n<p>Asociaci\u00f3n Empresarial Provincial de la Construcci\u00f3n<\/p>\n<p>Asociaci\u00f3n Empresarial Provincial de la Madera<\/p>\n<p>Asociaci\u00f3n Empresarial de Talleres de Reparaci\u00f3n y Concesionarios de Veh\u00edculos de la Provincia de Teruel<\/p>\n<p>Asociaci\u00f3n Empresarial Provincial del Metal<\/p>\n<p>Asociaci\u00f3n Empresarial Provincial de Peluquer\u00edas de Caballeros<\/p>\n<p>Asociaci\u00f3n Empresarial Provincial de Instalaciones El\u00e9ctricas<\/p>\n<p>Asociaci\u00f3n Profesional de Libreros<\/p>\n<p>Asociaci\u00f3n Provincial de Relojeros, Joyeros y Plateros<\/p>\n<p>Asociaci\u00f3n Provincial de Criadores de Ganado Porcino<\/p>\n<p>Asociaci\u00f3n Provincial de Jamoneros<\/p>\n<p>Asociaci\u00f3n Empresarial Provincial de Fot\u00f3grafos Profesionales<\/p>\n<p>Asociaci\u00f3n Provincial de Fabricantes de Aceite de Oliva<\/p>\n<p>Asociaci\u00f3n Turolense de Academias Privadas<\/p>\n<p>Asociaci\u00f3n de Promotores Constructores de Edificios<\/p>\n<p>Asociaci\u00f3n de Aderezadores de Aceituna de Teruel<\/p>\n<p>Asociaci\u00f3n de Fontaner\u00eda, Calefacci\u00f3n y Afines<\/p>\n<p>Asociaci\u00f3n de Truficultores y Recolectores de Trufa de Teruel<\/p>\n<p>Asociaci\u00f3n de Centros de Formaci\u00f3n Vial de la Provincia de Teruel<\/p>\n<p>Asociaci\u00f3n de J\u00f3venes Empresarios de Teruel<\/p>\n<p>Asociaci\u00f3n de Industrias de Alimentaci\u00f3n de Arag\u00f3n<\/p>\n<p>Federaci\u00f3n de Industrias Qu\u00edmicas de Arag\u00f3n[\/vc_column_text][\/vc_column][vc_column width=\u00bb1\/2&#8243;][custom_font font_size=\u00bb23&#8243; line_height=\u00bb26&#8243; font_style=\u00bbnormal\u00bb text_align=\u00bbcenter\u00bb font_weight=\u00bb600&#8243; text_decoration=\u00bbnone\u00bb text_shadow=\u00bbno\u00bb color=\u00bb#ffffff\u00bb background_color=\u00bb#114733&#8243;]Asociaciones territoriales[\/custom_font][vc_empty_space height=\u00bb32&#8243;][vc_column_text]Asociaci\u00f3n de Empresarios Tur\u00edsticos del Maestrazgo<\/p>\n<p>Asociaci\u00f3n de Comercio e Industria de Calamocha<\/p>\n<p>Asociaci\u00f3n de Empresarios de la Comarca del Matarra\u00f1a<\/p>\n<p>Asociaci\u00f3n de Empresarios de Andorra-Sierra de Arcos y Bajo Mart\u00edn<\/p>\n<p>Asociaci\u00f3n de Propietarios y Empresarios del Pol\u00edgono Industrial Las Horcas de Alca\u00f1iz<\/p>\n<p>Asociaci\u00f3n Comarcal de Empresarios Cuencas Mineras<\/p>\n<p>Asociaci\u00f3n de Comerciantes de Alca\u00f1iz<\/p>\n<p>Asociaci\u00f3n de Empresarios de Alcorisa<\/p>\n<p>Asociaci\u00f3n de Comerciantes, Industriales y Profesionales del Centro Hist\u00f3rico de Teruel<\/p>\n<p>Asociaci\u00f3n de Empresarios del Pol\u00edgono la Paz de Teruel<\/p>\n<p>Asociaci\u00f3n de Empresarios del Mezqu\u00edn-Bajo Arag\u00f3n<\/p>\n<p>Asociaci\u00f3n de Empresarios Agroalimentarios del Maestrazgo<\/p>\n<p>Asociaci\u00f3n Empresarial G\u00fadar-Javalambre<\/p>\n<p>Asociaci\u00f3n del Centro Comercial Abierto de Alca\u00f1iz<\/p>\n<p>Asociaci\u00f3n de Empresarios Tur\u00edsticos Sierra de Albarrac\u00edn<\/p>\n<p>Asociaci\u00f3n Tur\u00edstica G\u00fadar-Javalambre<\/p>\n<p>Asociaci\u00f3n Calandina de Comercio, Industria y Servicios<\/p>\n<p>Asociaci\u00f3n de Comerciantes, Empresarios y Servicios de Teruel (ACES Teruel)[\/vc_column_text][\/vc_column][\/vc_row][vc_row css_animation=\u00bb\u00bb row_type=\u00bbrow\u00bb use_row_as_full_screen_section=\u00bbno\u00bb type=\u00bbfull_width\u00bb angled_section=\u00bbno\u00bb text_align=\u00bbleft\u00bb background_image_as_pattern=\u00bbwithout_pattern\u00bb][vc_column][vc_empty_space height=\u00bb80&#8243;][\/vc_column][\/vc_row][vc_row css_animation=\u00bb\u00bb row_type=\u00bbrow\u00bb use_row_as_full_screen_section=\u00bbno\u00bb type=\u00bbgrid\u00bb angled_section=\u00bbno\u00bb text_align=\u00bbcenter\u00bb background_image_as_pattern=\u00bbwithout_pattern\u00bb z_index=\u00bb\u00bb][vc_column][vc_text_separator title=\u00bbCALENDARIO DE REUNIONES\u00bb i_icon_material=\u00bbvc-material vc-material-insert_invitation\u00bb border=\u00bbno\u00bb background_color=\u00bb#cad327&#8243; title_color=\u00bb#004631&#8243;][vc_empty_space height=\u00bb80&#8243;][\/vc_column][\/vc_row][vc_row css_animation=\u00bb\u00bb row_type=\u00bbrow\u00bb use_row_as_full_screen_section=\u00bbno\u00bb type=\u00bbgrid\u00bb angled_section=\u00bbno\u00bb text_align=\u00bbcenter\u00bb background_image_as_pattern=\u00bbwithout_pattern\u00bb z_index=\u00bb\u00bb][vc_column width=\u00bb1\/5&#8243;][icon_text box_type=\u00bbnormal\u00bb icon=\u00bbfa-calendar-o\u00bb icon_type=\u00bbnormal\u00bb icon_position=\u00bbtop\u00bb icon_size=\u00bbfa-lg\u00bb use_custom_icon_size=\u00bbno\u00bb title=\u00bb27 enero\u00bb separator=\u00bbno\u00bb text=\u00bbComit\u00e9 Ejecutivo\u00bb][\/vc_column][vc_column width=\u00bb1\/5&#8243;][icon_text box_type=\u00bbnormal\u00bb icon=\u00bbfa-calendar-o\u00bb icon_type=\u00bbnormal\u00bb icon_position=\u00bbtop\u00bb icon_size=\u00bbfa-lg\u00bb use_custom_icon_size=\u00bbno\u00bb title=\u00bb14 febrero\u00bb separator=\u00bbno\u00bb text=\u00bbComit\u00e9 Ejecutivo\u00bb][\/vc_column][vc_column width=\u00bb1\/5&#8243;][icon_text box_type=\u00bbnormal\u00bb icon=\u00bbfa-calendar-o\u00bb icon_type=\u00bbnormal\u00bb icon_position=\u00bbtop\u00bb icon_size=\u00bbfa-lg\u00bb use_custom_icon_size=\u00bbno\u00bb title=\u00bb9 marzo\u00bb separator=\u00bbno\u00bb text=\u00bbComit\u00e9 Ejecutivo\u00bb][\/vc_column][vc_column width=\u00bb1\/5&#8243;][icon_text box_type=\u00bbnormal\u00bb icon=\u00bbfa-calendar-o\u00bb icon_type=\u00bbnormal\u00bb icon_position=\u00bbtop\u00bb icon_size=\u00bbfa-lg\u00bb use_custom_icon_size=\u00bbno\u00bb title=\u00bb5 mayo\u00bb separator=\u00bbno\u00bb text=\u00bbComit\u00e9 Ejecutivo\u00bb][\/vc_column][vc_column width=\u00bb1\/5&#8243;][icon_text box_type=\u00bbnormal\u00bb icon=\u00bbfa-calendar-o\u00bb icon_type=\u00bbnormal\u00bb icon_position=\u00bbtop\u00bb icon_size=\u00bbfa-lg\u00bb use_custom_icon_size=\u00bbno\u00bb title=\u00bb29 junio\u00bb separator=\u00bbno\u00bb text=\u00bbComit\u00e9 Ejecutivo\u00bb][\/vc_column][\/vc_row][vc_row css_animation=\u00bb\u00bb row_type=\u00bbrow\u00bb use_row_as_full_screen_section=\u00bbno\u00bb type=\u00bbgrid\u00bb angled_section=\u00bbno\u00bb text_align=\u00bbcenter\u00bb background_image_as_pattern=\u00bbwithout_pattern\u00bb z_index=\u00bb\u00bb][vc_column width=\u00bb1\/5&#8243;][icon_text box_type=\u00bbnormal\u00bb icon=\u00bbfa-calendar-o\u00bb icon_type=\u00bbnormal\u00bb icon_position=\u00bbtop\u00bb icon_size=\u00bbfa-lg\u00bb use_custom_icon_size=\u00bbno\u00bb title=\u00bb8 septiembre\u00bb separator=\u00bbno\u00bb text=\u00bbComit\u00e9 Ejecutivo\u00bb][\/vc_column][vc_column width=\u00bb1\/5&#8243;][icon_text box_type=\u00bbnormal\u00bb icon=\u00bbfa-calendar-o\u00bb icon_type=\u00bbnormal\u00bb icon_position=\u00bbtop\u00bb icon_size=\u00bbfa-lg\u00bb use_custom_icon_size=\u00bbno\u00bb title=\u00bb24 septiembre\u00bb separator=\u00bbno\u00bb text=\u00bbComit\u00e9 Ejecutivo\u00bb][\/vc_column][vc_column width=\u00bb1\/5&#8243;][icon_text box_type=\u00bbnormal\u00bb icon=\u00bbfa-calendar-o\u00bb icon_type=\u00bbnormal\u00bb icon_position=\u00bbtop\u00bb icon_size=\u00bbfa-lg\u00bb use_custom_icon_size=\u00bbno\u00bb title=\u00bb29 septiembre\u00bb separator=\u00bbno\u00bb text=\u00bbAsamblea General\u00bb][\/vc_column][vc_column width=\u00bb1\/5&#8243;][icon_text box_type=\u00bbnormal\u00bb icon=\u00bbfa-calendar-o\u00bb icon_type=\u00bbnormal\u00bb icon_position=\u00bbtop\u00bb icon_size=\u00bbfa-lg\u00bb use_custom_icon_size=\u00bbno\u00bb title=\u00bb22 octubre\u00bb separator=\u00bbno\u00bb text=\u00bbComit\u00e9 Ejecutivo\u00bb][\/vc_column][vc_column width=\u00bb1\/5&#8243;][icon_text box_type=\u00bbnormal\u00bb icon=\u00bbfa-calendar-o\u00bb icon_type=\u00bbnormal\u00bb icon_position=\u00bbtop\u00bb icon_size=\u00bbfa-lg\u00bb use_custom_icon_size=\u00bbno\u00bb title=\u00bb21 diciembre\u00bb separator=\u00bbno\u00bb text=\u00bbComit\u00e9 Ejecutivo\u00bb][\/vc_column][\/vc_row][vc_row css_animation=\u00bb\u00bb row_type=\u00bbrow\u00bb use_row_as_full_screen_section=\u00bbno\u00bb type=\u00bbfull_width\u00bb angled_section=\u00bbno\u00bb text_align=\u00bbleft\u00bb background_image_as_pattern=\u00bbwithout_pattern\u00bb][vc_column][vc_empty_space height=\u00bb64&#8243;][\/vc_column][\/vc_row][vc_row css_animation=\u00bb\u00bb row_type=\u00bbrow\u00bb use_row_as_full_screen_section=\u00bbno\u00bb type=\u00bbfull_width\u00bb angled_section=\u00bbno\u00bb text_align=\u00bbleft\u00bb background_image_as_pattern=\u00bbwithout_pattern\u00bb][vc_column][image_with_text_over icon_size=\u00bbfa-lg\u00bb image=\u00bb2309&#8243; title=\u00bbActos institucionales\u00bb title_size=\u00bb50&#8243;][\/image_with_text_over][vc_empty_space height=\u00bb32&#8243;][\/vc_column][\/vc_row][vc_row css_animation=\u00bb\u00bb row_type=\u00bbrow\u00bb use_row_as_full_screen_section=\u00bbno\u00bb type=\u00bbgrid\u00bb angled_section=\u00bbno\u00bb text_align=\u00bbleft\u00bb background_image_as_pattern=\u00bbwithout_pattern\u00bb z_index=\u00bb\u00bb][vc_column][qode_in_device_slider device=\u00bbtablet-landscape\u00bb titles_on_hover=\u00bbyes\u00bb navigation=\u00bbno\u00bb auto_start=\u00bbyes\u00bb][qode_in_device_slider_item target=\u00bb_self\u00bb image=\u00bb2311&#8243; title=\u00bbPresentaci\u00f3n del \u201cPlan de Salvaci\u00f3n\u201d de la Hosteler\u00eda y el Turismo \u00ab][qode_in_device_slider_item target=\u00bb_self\u00bb image=\u00bb2312&#8243; title=\u00bbReuni\u00f3n con el vicepresidente del Gobierno de Arag\u00f3n\u00bb][qode_in_device_slider_item target=\u00bb_self\u00bb image=\u00bb2314&#8243; title=\u00bbPresentaci\u00f3n de la Tarjeta Amiga\u00bb][qode_in_device_slider_item target=\u00bb_self\u00bb image=\u00bb2315&#8243; title=\u00bbPremio Empresa Teruel 2020&#8243;][qode_in_device_slider_item target=\u00bb_self\u00bb image=\u00bb2316&#8243; title=\u00bbReuni\u00f3n de trabajo con el presidente de la Diputaci\u00f3n Provincial de Teruel\u00bb][\/qode_in_device_slider][\/vc_column][\/vc_row][vc_row css_animation=\u00bb\u00bb row_type=\u00bbrow\u00bb use_row_as_full_screen_section=\u00bbno\u00bb type=\u00bbfull_width\u00bb angled_section=\u00bbno\u00bb text_align=\u00bbleft\u00bb background_image_as_pattern=\u00bbwithout_pattern\u00bb][vc_column][vc_empty_space][\/vc_column][\/vc_row]<\/p>\n","protected":false},"excerpt":{"rendered":"<p>[vc_row css_animation=\u00bb\u00bb row_type=\u00bbrow\u00bb use_row_as_full_screen_section=\u00bbno\u00bb type=\u00bbfull_width\u00bb angled_section=\u00bbno\u00bb text_align=\u00bbleft\u00bb background_image_as_pattern=\u00bbwithout_pattern\u00bb z_index=\u00bb\u00bb css=\u00bb.vc_custom_1610018044125{margin-right: 5px !important;margin-left: 5px !important;}\u00bb][vc_column width=\u00bb1\/6&#8243;][vc_empty_space height=\u00bb10&#8243;][vc_single_image image=\u00bb28&#8243; img_size=\u00bb\u00bb onclick=\u00bbcustom_link\u00bb qode_css_animation=\u00bb\u00bb link=\u00bbhttp:\/\/memoria.cepymearagon.es\/index.php\/2020-2\/\u00bb][\/vc_column][vc_column width=\u00bb1\/6&#8243;][vc_empty_space height=\u00bb30&#8243;][custom_font font_size=\u00bb15&#8243; line_height=\u00bb26&#8243; font_style=\u00bbnormal\u00bb text_align=\u00bbleft\u00bb font_weight=\u00bb300&#8243; text_decoration=\u00bbnone\u00bb text_shadow=\u00bbno\u00bb border_color=\u00bb#114733&#8243;] Nuestra organizaci\u00f3n [\/custom_font][\/vc_column][vc_column width=\u00bb1\/6&#8243;][vc_empty_space height=\u00bb30&#8243;][custom_font font_size=\u00bb15&#8243; line_height=\u00bb26&#8243; font_style=\u00bbnormal\u00bb text_align=\u00bbleft\u00bb font_weight=\u00bb300&#8243; text_decoration=\u00bbnone\u00bb text_shadow=\u00bbno\u00bb border_color=\u00bb#114733&#8243;] Nuestros servicios [\/custom_font][\/vc_column][vc_column width=\u00bb1\/6&#8243;][vc_empty_space height=\u00bb30&#8243;][custom_font font_size=\u00bb15&#8243; line_height=\u00bb26&#8243; font_style=\u00bbnormal\u00bb text_align=\u00bbleft\u00bb font_weight=\u00bb300&#8243; text_decoration=\u00bbnone\u00bb [&hellip;]<\/p>\n","protected":false},"author":2,"featured_media":0,"parent":0,"menu_order":0,"comment_status":"closed","ping_status":"closed","template":"landing_page.php","meta":{"footnotes":""},"class_list":["post-2299","page","type-page","status-publish","hentry"],"_links":{"self":[{"href":"https:\/\/memoria.cepymearagon.es\/index.php\/wp-json\/wp\/v2\/pages\/2299","targetHints":{"allow":["GET"]}}],"collection":[{"href":"https:\/\/memoria.cepymearagon.es\/index.php\/wp-json\/wp\/v2\/pages"}],"about":[{"href":"https:\/\/memoria.cepymearagon.es\/index.php\/wp-json\/wp\/v2\/types\/page"}],"author":[{"embeddable":true,"href":"https:\/\/memoria.cepymearagon.es\/index.php\/wp-json\/wp\/v2\/users\/2"}],"replies":[{"embeddable":true,"href":"https:\/\/memoria.cepymearagon.es\/index.php\/wp-json\/wp\/v2\/comments?post=2299"}],"version-history":[{"count":6,"href":"https:\/\/memoria.cepymearagon.es\/index.php\/wp-json\/wp\/v2\/pages\/2299\/revisions"}],"predecessor-version":[{"id":2317,"href":"https:\/\/memoria.cepymearagon.es\/index.php\/wp-json\/wp\/v2\/pages\/2299\/revisions\/2317"}],"wp:attachment":[{"href":"https:\/\/memoria.cepymearagon.es\/index.php\/wp-json\/wp\/v2\/media?parent=2299"}],"curies":[{"name":"wp","href":"https:\/\/api.w.org\/{rel}","templated":true}]}}