{"id":1238,"date":"2019-03-28T15:35:10","date_gmt":"2019-03-28T15:35:10","guid":{"rendered":"http:\/\/memoria.cepymearagon.es\/?page_id=1238"},"modified":"2019-03-29T12:28:22","modified_gmt":"2019-03-29T12:28:22","slug":"cepyme-teruel","status":"publish","type":"page","link":"https:\/\/memoria.cepymearagon.es\/index.php\/cepyme-teruel\/","title":{"rendered":"CEPYME Teruel"},"content":{"rendered":"<p>[vc_row css_animation=\u00bbelement_from_top\u00bb row_type=\u00bbrow\u00bb use_row_as_full_screen_section=\u00bbno\u00bb type=\u00bbgrid\u00bb angled_section=\u00bbno\u00bb text_align=\u00bbright\u00bb background_image_as_pattern=\u00bbwithout_pattern\u00bb z_index=\u00bb\u00bb css=\u00bb.vc_custom_1553857490485{background-position: 0 0 !important;background-repeat: no-repeat !important;}\u00bb][vc_column][vc_empty_space height=\u00bb15px\u00bb][icons icon=\u00bbfa-arrow-left\u00bb size=\u00bbfa-2x\u00bb type=\u00bbcircle\u00bb link=\u00bbjavascript:history.back()\u00bb target=\u00bb_self\u00bb icon_color=\u00bb#ffffff\u00bb background_color=\u00bb#144733&#8243; icon_hover_color=\u00bb#144733&#8243;][vc_empty_space height=\u00bb15px\u00bb][\/vc_column][\/vc_row][vc_row css_animation=\u00bb\u00bb row_type=\u00bbrow\u00bb use_row_as_full_screen_section=\u00bbno\u00bb type=\u00bbgrid\u00bb angled_section=\u00bbno\u00bb text_align=\u00bbcenter\u00bb background_image_as_pattern=\u00bbwithout_pattern\u00bb z_index=\u00bb\u00bb][vc_column][qode_animation_holder animation_type=\u00bbelement_from_top\u00bb][vc_single_image image=\u00bb1239&#8243; img_size=\u00bbfull\u00bb alignment=\u00bbcenter\u00bb style=\u00bbvc_box_shadow_3d\u00bb qode_css_animation=\u00bbelement_from_top\u00bb][\/qode_animation_holder][vc_empty_space height=\u00bb50&#8243;][vc_row_inner row_type=\u00bbrow\u00bb type=\u00bbgrid\u00bb text_align=\u00bbcenter\u00bb css_animation=\u00bbelement_from_top\u00bb][vc_column_inner][icon_text box_type=\u00bbnormal\u00bb icon=\u00bbfa-calendar-o\u00bb icon_type=\u00bbnormal\u00bb icon_position=\u00bbtop\u00bb icon_size=\u00bbfa-2x\u00bb use_custom_icon_size=\u00bbno\u00bb icon_animation=\u00bbq_icon_animation\u00bb title=\u00bbCalendario de reuniones\u00bb title_tag=\u00bbh2&#8243; separator=\u00bbno\u00bb][\/vc_column_inner][\/vc_row_inner][vc_empty_space height=\u00bb50&#8243;][\/vc_column][\/vc_row][vc_row css_animation=\u00bbelement_from_top\u00bb row_type=\u00bbrow\u00bb use_row_as_full_screen_section=\u00bbno\u00bb type=\u00bbgrid\u00bb angled_section=\u00bbno\u00bb text_align=\u00bbcenter\u00bb background_image_as_pattern=\u00bbwithout_pattern\u00bb z_index=\u00bb\u00bb][vc_column][qode_horizontal_timeline][qode_horizontal_timeline_item timeline_label=\u00bb20 febrero\u00bb timeline_date=\u00bb20\/02\/2018&#8243; content_image=\u00bb1240&#8243;][icon_text box_type=\u00bbnormal\u00bb icon=\u00bbfa-calendar\u00bb icon_type=\u00bbcircle\u00bb icon_position=\u00bbleft_from_title\u00bb icon_size=\u00bbfa-lg\u00bb use_custom_icon_size=\u00bbno\u00bb title=\u00bbComit\u00e9 Ejecutivo\u00bb separator=\u00bbno\u00bb icon_border_color=\u00bb#004631&#8243; icon_color=\u00bb#004631&#8243; icon_hover_color=\u00bb#cad327&#8243; icon_background_color=\u00bb#cad327&#8243; icon_hover_background_color=\u00bb#004631&#8243;][\/qode_horizontal_timeline_item][qode_horizontal_timeline_item timeline_label=\u00bb20 marzo\u00bb timeline_date=\u00bb20\/03\/2018&#8243; content_image=\u00bb1241&#8243;][icon_text box_type=\u00bbnormal\u00bb icon=\u00bbfa-calendar\u00bb icon_type=\u00bbcircle\u00bb icon_position=\u00bbleft_from_title\u00bb icon_size=\u00bbfa-lg\u00bb use_custom_icon_size=\u00bbno\u00bb title=\u00bbComit\u00e9 Ejecutivo\u00bb separator=\u00bbno\u00bb icon_border_color=\u00bb#004631&#8243; icon_color=\u00bb#004631&#8243; icon_hover_color=\u00bb#cad327&#8243; icon_background_color=\u00bb#cad327&#8243; icon_hover_background_color=\u00bb#004631&#8243;][\/qode_horizontal_timeline_item][qode_horizontal_timeline_item timeline_label=\u00bb4 abril\u00bb timeline_date=\u00bb04\/04\/2018&#8243; content_image=\u00bb1242&#8243;][icon_text box_type=\u00bbnormal\u00bb icon=\u00bbfa-calendar\u00bb icon_type=\u00bbcircle\u00bb icon_position=\u00bbleft_from_title\u00bb icon_size=\u00bbfa-lg\u00bb use_custom_icon_size=\u00bbno\u00bb title=\u00bbComit\u00e9 Ejecutivo\u00bb separator=\u00bbno\u00bb icon_border_color=\u00bb#004631&#8243; icon_color=\u00bb#004631&#8243; icon_hover_color=\u00bb#cad327&#8243; icon_background_color=\u00bb#cad327&#8243; icon_hover_background_color=\u00bb#004631&#8243;][\/qode_horizontal_timeline_item][qode_horizontal_timeline_item timeline_label=\u00bb11 junio\u00bb timeline_date=\u00bb11\/06\/2018&#8243; content_image=\u00bb1244&#8243;][icon_text box_type=\u00bbnormal\u00bb icon=\u00bbfa-calendar\u00bb icon_type=\u00bbcircle\u00bb icon_position=\u00bbleft_from_title\u00bb icon_size=\u00bbfa-lg\u00bb use_custom_icon_size=\u00bbno\u00bb title=\u00bbComit\u00e9 Ejecutivo y Asamblea General\u00bb separator=\u00bbno\u00bb icon_border_color=\u00bb#004631&#8243; icon_color=\u00bb#004631&#8243; icon_hover_color=\u00bb#cad327&#8243; icon_background_color=\u00bb#cad327&#8243; icon_hover_background_color=\u00bb#004631&#8243;][\/qode_horizontal_timeline_item][qode_horizontal_timeline_item timeline_label=\u00bb30 octubre\u00bb timeline_date=\u00bb30\/10\/2018&#8243; content_image=\u00bb1243&#8243;][icon_text box_type=\u00bbnormal\u00bb icon=\u00bbfa-calendar\u00bb icon_type=\u00bbcircle\u00bb icon_position=\u00bbleft_from_title\u00bb icon_size=\u00bbfa-lg\u00bb use_custom_icon_size=\u00bbno\u00bb title=\u00bbComit\u00e9 Ejecutivo\u00bb separator=\u00bbno\u00bb icon_border_color=\u00bb#004631&#8243; icon_color=\u00bb#004631&#8243; icon_hover_color=\u00bb#cad327&#8243; icon_background_color=\u00bb#cad327&#8243; icon_hover_background_color=\u00bb#004631&#8243;][\/qode_horizontal_timeline_item][\/qode_horizontal_timeline][vc_empty_space height=\u00bb150&#8243;][\/vc_column][\/vc_row][vc_row css_animation=\u00bb\u00bb row_type=\u00bbrow\u00bb use_row_as_full_screen_section=\u00bbno\u00bb type=\u00bbfull_width\u00bb angled_section=\u00bbno\u00bb text_align=\u00bbleft\u00bb background_image_as_pattern=\u00bbwithout_pattern\u00bb][vc_column][vc_row_inner row_type=\u00bbrow\u00bb type=\u00bbfull_width\u00bb text_align=\u00bbcenter\u00bb css_animation=\u00bbelement_from_top\u00bb][vc_column_inner][icon_text box_type=\u00bbnormal\u00bb icon=\u00bbfa-address-book-o\u00bb icon_type=\u00bbnormal\u00bb icon_position=\u00bbtop\u00bb icon_size=\u00bbfa-2x\u00bb use_custom_icon_size=\u00bbno\u00bb icon_animation=\u00bbq_icon_animation\u00bb title=\u00bbEstructura\u00bb title_tag=\u00bbh2&#8243; separator=\u00bbno\u00bb][\/vc_column_inner][\/vc_row_inner][\/vc_column][\/vc_row][vc_row row_type=\u00bbexpandable\u00bb text_align=\u00bbcenter\u00bb color=\u00bb#004631&#8243; hover_color=\u00bb#cad327&#8243; more_button_label=\u00bbPresidente\u00bb less_button_label=\u00bbPresidente\u00bb expandable_content_top_padding=\u00bb20&#8243;][vc_column width=\u00bb1\/5&#8243;][\/vc_column][vc_column width=\u00bb1\/5&#8243;][\/vc_column][vc_column width=\u00bb1\/5&#8243;][vc_single_image image=\u00bb469&#8243; img_size=\u00bbtiny\u00bb alignment=\u00bbcenter\u00bb style=\u00bbvc_box_circle_2&#8243; qode_css_animation=\u00bbelement_from_top\u00bb][vc_empty_space height=\u00bb10&#8243;][icon_list_item icon=\u00bbfa-male\u00bb icon_type=\u00bbcircle\u00bb title_font_weight=\u00bb700&#8243; title=\u00bbCi\u00e9rcoles, Juan Andr\u00e9s\u00bb title_size=\u00bb20&#8243; margin_bottom=\u00bb-15&#8243; icon_color=\u00bb#004631&#8243; icon_background_color=\u00bb#cad327&#8243; icon_border_color=\u00bb#004631&#8243;][icon_list_item icon=\u00bbfa-briefcase\u00bb icon_type=\u00bbtransparent\u00bb title_font_weight=\u00bb300&#8243; title=\u00bbPresidente Federaci\u00f3n Empresarios de Hosteler\u00eda de Teruel\u00bb icon_color=\u00bb#cad327&#8243;][\/vc_column][vc_column width=\u00bb1\/5&#8243;][\/vc_column][vc_column width=\u00bb1\/5&#8243;][\/vc_column][\/vc_row][vc_row row_type=\u00bbexpandable\u00bb text_align=\u00bbcenter\u00bb color=\u00bb#004631&#8243; hover_color=\u00bb#cad327&#8243; more_button_label=\u00bbVicepresidentes\u00bb less_button_label=\u00bbVicepresidentes\u00bb expandable_content_top_padding=\u00bb20&#8243;][vc_column width=\u00bb1\/6&#8243;][\/vc_column][vc_column width=\u00bb1\/6&#8243;][\/vc_column][vc_column width=\u00bb1\/6&#8243;][icon_list_item icon=\u00bbfa-male\u00bb icon_type=\u00bbcircle\u00bb title_font_weight=\u00bb700&#8243; title=\u00bbTorre, Carlos\u00bb title_size=\u00bb20&#8243; margin_bottom=\u00bb-15&#8243; icon_color=\u00bb#004631&#8243; icon_background_color=\u00bb#cad327&#8243; icon_border_color=\u00bb#004631&#8243;][icon_list_item icon=\u00bbfa-briefcase\u00bb icon_type=\u00bbtransparent\u00bb title_font_weight=\u00bb300&#8243; title=\u00bbVicepresidente primero\u00bb icon_color=\u00bb#cad327&#8243;][\/vc_column][vc_column width=\u00bb1\/6&#8243;][icon_list_item icon=\u00bbfa-male\u00bb icon_type=\u00bbcircle\u00bb title_font_weight=\u00bb700&#8243; title=\u00bbHern\u00e1ndez, Francisco\u00bb title_size=\u00bb20&#8243; margin_bottom=\u00bb-15&#8243; icon_color=\u00bb#004631&#8243; icon_background_color=\u00bb#cad327&#8243; icon_border_color=\u00bb#004631&#8243;][icon_list_item icon=\u00bbfa-briefcase\u00bb icon_type=\u00bbtransparent\u00bb title_font_weight=\u00bb300&#8243; title=\u00bbVicepresidente segundo\u00bb icon_color=\u00bb#cad327&#8243;][\/vc_column][vc_column width=\u00bb1\/6&#8243;][\/vc_column][vc_column width=\u00bb1\/6&#8243;][\/vc_column][\/vc_row][vc_row row_type=\u00bbexpandable\u00bb text_align=\u00bbcenter\u00bb color=\u00bb#004631&#8243; hover_color=\u00bb#cad327&#8243; more_button_label=\u00bbTesorero\u00bb less_button_label=\u00bbTesorero\u00bb expandable_content_top_padding=\u00bb20&#8243;][vc_column width=\u00bb1\/5&#8243;][\/vc_column][vc_column width=\u00bb1\/5&#8243;][\/vc_column][vc_column width=\u00bb1\/5&#8243;][icon_list_item icon=\u00bbfa-male\u00bb icon_type=\u00bbcircle\u00bb title_font_weight=\u00bb700&#8243; title=\u00bbAnad\u00f3n, Emilio\u00bb title_size=\u00bb20&#8243; margin_bottom=\u00bb-15&#8243; icon_color=\u00bb#004631&#8243; icon_background_color=\u00bb#cad327&#8243; icon_border_color=\u00bb#004631&#8243;][icon_list_item icon=\u00bbfa-briefcase\u00bb icon_type=\u00bbtransparent\u00bb title_font_weight=\u00bb300&#8243; title=\u00bbPresidente Asociaci\u00f3n Empresarial Provincial de la Madera de Teruel\u00bb icon_color=\u00bb#cad327&#8243;][\/vc_column][vc_column width=\u00bb1\/5&#8243;][\/vc_column][vc_column width=\u00bb1\/5&#8243;][\/vc_column][\/vc_row][vc_row row_type=\u00bbexpandable\u00bb text_align=\u00bbcenter\u00bb color=\u00bb#004631&#8243; hover_color=\u00bb#cad327&#8243; more_button_label=\u00bbVocales\u00bb less_button_label=\u00bbVocales\u00bb expandable_content_top_padding=\u00bb20&#8243;][vc_column width=\u00bb1\/5&#8243;][icon_list_item icon=\u00bbfa-male\u00bb icon_type=\u00bbcircle\u00bb title_font_weight=\u00bb700&#8243; title=\u00bbMuela, \u00c1ngel\u00bb title_size=\u00bb20&#8243; margin_bottom=\u00bb-15&#8243; icon_color=\u00bb#004631&#8243; icon_background_color=\u00bb#cad327&#8243; icon_border_color=\u00bb#004631&#8243;][\/vc_column][vc_column width=\u00bb1\/5&#8243;][icon_list_item icon=\u00bbfa-male\u00bb icon_type=\u00bbcircle\u00bb title_font_weight=\u00bb700&#8243; title=\u00bbS\u00e1nchez, Carlos Agust\u00edn\u00bb title_size=\u00bb20&#8243; margin_bottom=\u00bb-15&#8243; icon_color=\u00bb#004631&#8243; icon_background_color=\u00bb#cad327&#8243; icon_border_color=\u00bb#004631&#8243;][\/vc_column][vc_column width=\u00bb1\/5&#8243;][icon_list_item icon=\u00bbfa-male\u00bb icon_type=\u00bbcircle\u00bb title_font_weight=\u00bb700&#8243; title=\u00bbHigueras, Jos\u00e9 Antonio\u00bb title_size=\u00bb20&#8243; margin_bottom=\u00bb-15&#8243; icon_color=\u00bb#004631&#8243; icon_background_color=\u00bb#cad327&#8243; icon_border_color=\u00bb#004631&#8243;][\/vc_column][vc_column width=\u00bb1\/5&#8243;][icon_list_item icon=\u00bbfa-male\u00bb icon_type=\u00bbcircle\u00bb title_font_weight=\u00bb700&#8243; title=\u00bbMarco, Jos\u00e9 Tom\u00e1s\u00bb title_size=\u00bb20&#8243; margin_bottom=\u00bb-15&#8243; icon_color=\u00bb#004631&#8243; icon_background_color=\u00bb#cad327&#8243; icon_border_color=\u00bb#004631&#8243;][\/vc_column][vc_column width=\u00bb1\/5&#8243;][icon_list_item icon=\u00bbfa-male\u00bb icon_type=\u00bbcircle\u00bb title_font_weight=\u00bb700&#8243; title=\u00bbLafuente, Juli\u00e1n\u00bb title_size=\u00bb20&#8243; margin_bottom=\u00bb-15&#8243; icon_color=\u00bb#004631&#8243; icon_background_color=\u00bb#cad327&#8243; icon_border_color=\u00bb#004631&#8243;][\/vc_column][\/vc_row][vc_row row_type=\u00bbexpandable\u00bb text_align=\u00bbcenter\u00bb color=\u00bb#004631&#8243; hover_color=\u00bb#cad327&#8243; more_button_label=\u00bbSecretario general\u00bb less_button_label=\u00bbSecretario general\u00bb expandable_content_top_padding=\u00bb20&#8243;][vc_column width=\u00bb1\/3&#8243;][\/vc_column][vc_column width=\u00bb1\/3&#8243;][icon_list_item icon=\u00bbfa-male\u00bb icon_type=\u00bbcircle\u00bb title_font_weight=\u00bb700&#8243; title=\u00bbCalvo, Sergio\u00bb title_size=\u00bb20&#8243; margin_bottom=\u00bb-15&#8243; icon_color=\u00bb#004631&#8243; icon_background_color=\u00bb#cad327&#8243; icon_border_color=\u00bb#004631&#8243;][\/vc_column][vc_column width=\u00bb1\/3&#8243;][\/vc_column][\/vc_row][vc_row row_type=\u00bbexpandable\u00bb text_align=\u00bbleft\u00bb more_button_label=\u00bbAsamblea General\u00bb less_button_label=\u00bbAsamblea General\u00bb][vc_column width=\u00bb1\/3&#8243;][\/vc_column][vc_column width=\u00bb1\/3&#8243;][unordered_list style=\u00bbcircle\u00bb animate=\u00bbyes\u00bb]<\/p>\n<table width=\"100%\">\n<tbody>\n<tr>\n<td width=\"100%\">Asociaci\u00f3n Empresarial Provincial de Hosteler\u00eda y Turismo<\/td>\n<\/tr>\n<tr>\n<td width=\"100%\">Asociaci\u00f3n Empresarial Provincial de Panaderos de Teruel<\/td>\n<\/tr>\n<tr>\n<td width=\"100%\">Asociaci\u00f3n Interempresarial Provincial de Comercio<\/td>\n<\/tr>\n<tr>\n<td width=\"100%\">Asociaci\u00f3n Empresarial Provincial de Transportes por Carretera<\/td>\n<\/tr>\n<tr>\n<td width=\"100%\">Asociaci\u00f3n Empresarial Provincial de la Construcci\u00f3n<\/td>\n<\/tr>\n<tr>\n<td width=\"100%\">Asociaci\u00f3n Empresarial Provincial de la Madera<\/td>\n<\/tr>\n<tr>\n<td width=\"100%\">Asociaci\u00f3n Empresarial de Talleres de Reparaci\u00f3n y Concesionarios de Veh\u00edculos de la Provincia de Teruel<\/td>\n<\/tr>\n<tr>\n<td width=\"100%\">Asociaci\u00f3n Empresarial Provincial del Metal<\/td>\n<\/tr>\n<tr>\n<td width=\"100%\">Asociaci\u00f3n Empresarial Provincial de Peluquer\u00edas de Caballeros<\/td>\n<\/tr>\n<tr>\n<td width=\"100%\">Asociaci\u00f3n Empresarial Provincial de Instalaciones El\u00e9ctricas<\/td>\n<\/tr>\n<tr>\n<td width=\"100%\">Asociaci\u00f3n Profesional de Libreros<\/td>\n<\/tr>\n<tr>\n<td width=\"100%\">Asociaci\u00f3n Provincial de Relojeros, Joyeros y Plateros<\/td>\n<\/tr>\n<tr>\n<td width=\"100%\">Asociaci\u00f3n Provincial de Criadores de Ganado Porcino<\/td>\n<\/tr>\n<tr>\n<td width=\"100%\">Asociaci\u00f3n Provincial de Fabricantes de Aceite de Oliva<\/td>\n<\/tr>\n<tr>\n<td width=\"100%\">Asociaci\u00f3n Provincial de Aderezadores de Aceituna<\/td>\n<\/tr>\n<tr>\n<td width=\"100%\">Asociaci\u00f3n Provincial de Jamoneros<\/td>\n<\/tr>\n<tr>\n<td width=\"100%\">Asociaci\u00f3n Empresarial Provincial de Fot\u00f3grafos Profesionales<\/td>\n<\/tr>\n<tr>\n<td width=\"100%\">Asociaci\u00f3n Turolense de Academias Privadas<\/td>\n<\/tr>\n<tr>\n<td width=\"100%\">Asociaci\u00f3n de Promotores Constructores de Edificios<\/td>\n<\/tr>\n<tr>\n<td width=\"100%\">Asociaci\u00f3n de Fontaner\u00eda, Calefacci\u00f3n y Afines<\/td>\n<\/tr>\n<tr>\n<td width=\"100%\">Asociaci\u00f3n de Truficultores y Recolectores de Trufa de Teruel<\/td>\n<\/tr>\n<tr>\n<td width=\"100%\">Asociaci\u00f3n de Centros de Formaci\u00f3n Vial de la Provincia de Teruel<\/td>\n<\/tr>\n<tr>\n<td width=\"100%\">Asociaci\u00f3n de J\u00f3venes Empresarios de Arag\u00f3n<\/td>\n<\/tr>\n<tr>\n<td width=\"100%\"><\/td>\n<\/tr>\n<tr>\n<td width=\"100%\">Asociaci\u00f3n de Industrias de Alimentaci\u00f3n de Arag\u00f3n<\/td>\n<\/tr>\n<tr>\n<td width=\"100%\">Federaci\u00f3n de Industrias Qu\u00edmicas de Arag\u00f3n<\/td>\n<\/tr>\n<tr>\n<td width=\"100%\">Asociaci\u00f3n de Empresarios Tur\u00edsticos del Maestrazgo<\/td>\n<\/tr>\n<tr>\n<td width=\"100%\">Asociaci\u00f3n de Comercio e Industria de Calamocha<\/td>\n<\/tr>\n<tr>\n<td width=\"100%\">Asociaci\u00f3n de Empresarios de la Comarca del Matarra\u00f1a<\/td>\n<\/tr>\n<tr>\n<td width=\"100%\">Asociaci\u00f3n de Comerciantes y Empresarios del Jiloca<\/td>\n<\/tr>\n<tr>\n<td width=\"100%\">Asociaci\u00f3n de Empresarios de Andorra-Sierra de Arcos y Bajo Mart\u00edn<\/td>\n<\/tr>\n<tr>\n<td width=\"100%\">Asociaci\u00f3n de Propietarios y Empresarios del Pol\u00edgono Industrial Las Horcas de Alca\u00f1iz<\/td>\n<\/tr>\n<tr>\n<td width=\"100%\">Asociaci\u00f3n Comarcal de Empresarios Cuencas Mineras<\/td>\n<\/tr>\n<tr>\n<td width=\"100%\">Foro Empresarial del Bajo Arag\u00f3n<\/td>\n<\/tr>\n<tr>\n<td width=\"100%\">Asociaci\u00f3n de Comerciantes de Alca\u00f1iz<\/td>\n<\/tr>\n<tr>\n<td width=\"100%\">Asociaci\u00f3n de Empresarios de Alcorisa<\/td>\n<\/tr>\n<tr>\n<td width=\"100%\">Asociaci\u00f3n de Comerciantes, Industriales y Profesionales del Centro Hist\u00f3rico de Teruel<\/td>\n<\/tr>\n<tr>\n<td width=\"100%\">Asociaci\u00f3n de Empresarios del Pol\u00edgono la Paz de Teruel<\/td>\n<\/tr>\n<tr>\n<td width=\"100%\">Asociaci\u00f3n de Empresarios del Mezqu\u00edn-Bajo Arag\u00f3n<\/td>\n<\/tr>\n<tr>\n<td width=\"100%\">Asociaci\u00f3n de Empresarios Agroalimentarios del Maestrazgo<\/td>\n<\/tr>\n<tr>\n<td width=\"100%\">Asociaci\u00f3n Empresarial G\u00fadar-Javalambre<\/td>\n<\/tr>\n<tr>\n<td width=\"100%\">Asociaci\u00f3n del Centro Comercial Abierto de Alca\u00f1iz<\/td>\n<\/tr>\n<tr>\n<td width=\"100%\">Asociaci\u00f3n de Empresarios de Mas de las Matas<\/td>\n<\/tr>\n<tr>\n<td width=\"100%\">Asociaci\u00f3n de Empresarios Tur\u00edsticos Sierra de Albarrac\u00edn<\/td>\n<\/tr>\n<tr>\n<td width=\"100%\">Asociaci\u00f3n Tur\u00edstica G\u00fadar Javalambre<\/td>\n<\/tr>\n<tr>\n<td width=\"100%\">Asociaci\u00f3n Calandina de Comercio, Industria y Servicios<\/td>\n<\/tr>\n<tr>\n<td width=\"100%\">Asociaci\u00f3n de Comerciantes, Empresarios y Servicios de Teruel (ACES Teruel)<\/td>\n<\/tr>\n<tr>\n<td width=\"100%\">Asociaci\u00f3n de Empresarios y Comerciantes de Monreal del Campo<\/td>\n<\/tr>\n<\/tbody>\n<\/table>\n<p>[\/unordered_list][\/vc_column][vc_column width=\u00bb1\/3&#8243;][\/vc_column][\/vc_row][vc_row css_animation=\u00bb\u00bb row_type=\u00bbrow\u00bb use_row_as_full_screen_section=\u00bbno\u00bb type=\u00bbfull_width\u00bb angled_section=\u00bbno\u00bb text_align=\u00bbleft\u00bb background_image_as_pattern=\u00bbwithout_pattern\u00bb][vc_column][vc_empty_space height=\u00bb150&#8243;][\/vc_column][\/vc_row][vc_row css_animation=\u00bb\u00bb row_type=\u00bbrow\u00bb use_row_as_full_screen_section=\u00bbno\u00bb type=\u00bbfull_width\u00bb angled_section=\u00bbno\u00bb text_align=\u00bbleft\u00bb background_image_as_pattern=\u00bbwithout_pattern\u00bb][vc_column][vc_row_inner row_type=\u00bbrow\u00bb type=\u00bbfull_width\u00bb text_align=\u00bbcenter\u00bb css_animation=\u00bbelement_from_top\u00bb][vc_column_inner][icon_text box_type=\u00bbnormal\u00bb icon=\u00bbfa-camera\u00bb icon_type=\u00bbnormal\u00bb icon_position=\u00bbtop\u00bb icon_size=\u00bbfa-2x\u00bb use_custom_icon_size=\u00bbno\u00bb icon_animation=\u00bbq_icon_animation\u00bb title=\u00bbActos institucionales\u00bb title_tag=\u00bbh2&#8243; separator=\u00bbno\u00bb][\/vc_column_inner][\/vc_row_inner][\/vc_column][\/vc_row][vc_row css_animation=\u00bb\u00bb row_type=\u00bbrow\u00bb use_row_as_full_screen_section=\u00bbno\u00bb type=\u00bbgrid\u00bb angled_section=\u00bbno\u00bb text_align=\u00bbleft\u00bb background_image_as_pattern=\u00bbwithout_pattern\u00bb z_index=\u00bb\u00bb][vc_column][vc_empty_space][vc_tta_pageable no_fill_content_area=\u00bb1&#8243; autoplay=\u00bb5&#8243; active_section=\u00bb1&#8243; css_animation=\u00bbbounceIn\u00bb][vc_tta_section title=\u00bbSecci\u00f3n 1&#8243; tab_id=\u00bb1550589875501-bd6c076a-5aeebb1e-4ebb5850-28f6&#8243;][image_with_text title_tag=\u00bbh2&#8243; image=\u00bb1257&#8243; title=\u00bbPremio Empresa Teruel\u00bb]11 de junio de 2018[\/image_with_text][\/vc_tta_section][vc_tta_section title=\u00bbSecci\u00f3n 2&#8243; tab_id=\u00bb1550589875519-4cfa0e7b-374cbb1e-4ebb5850-28f6&#8243;][image_with_text title_tag=\u00bbh2&#8243; image=\u00bb1260&#8243; title=\u00bbPresentaci\u00f3n Tarjeta Amiga\u00bb]4 de septiembre de 2018[\/image_with_text][\/vc_tta_section][vc_tta_section title=\u00bbSecci\u00f3n\u00bb tab_id=\u00bb1550826167883-931f88c6-189abb1e-4ebb5850-28f6&#8243;][image_with_text title_tag=\u00bbh2&#8243; image=\u00bb1261&#8243; title=\u00bbReuni\u00f3n de los agentes econ\u00f3micos y sociales por el Corredor Cant\u00e1brico \u2013 Mediterr\u00e1neo\u00bb]6 de septiembre de 2018[\/image_with_text][\/vc_tta_section][vc_tta_section title=\u00bbSecci\u00f3n\u00bb tab_id=\u00bb1550826249490-574054e1-7711bb1e-4ebb5850-28f6&#8243;][image_with_text title_tag=\u00bbh2&#8243; image=\u00bb1262&#8243; title=\u00bbPresentaci\u00f3n de la Manifestaci\u00f3n por el Corredor Cant\u00e1brico &#8211; Mediterr\u00e1neo\u00bb]18 de septiembre de 2018[\/image_with_text][\/vc_tta_section][\/vc_tta_pageable][\/vc_column][\/vc_row][vc_row css_animation=\u00bb\u00bb row_type=\u00bbrow\u00bb use_row_as_full_screen_section=\u00bbno\u00bb type=\u00bbfull_width\u00bb angled_section=\u00bbno\u00bb text_align=\u00bbleft\u00bb background_image_as_pattern=\u00bbwithout_pattern\u00bb][vc_column][vc_empty_space height=\u00bb100&#8243;][\/vc_column][\/vc_row]<\/p>\n","protected":false},"excerpt":{"rendered":"<p>[vc_row css_animation=\u00bbelement_from_top\u00bb row_type=\u00bbrow\u00bb use_row_as_full_screen_section=\u00bbno\u00bb type=\u00bbgrid\u00bb angled_section=\u00bbno\u00bb text_align=\u00bbright\u00bb background_image_as_pattern=\u00bbwithout_pattern\u00bb z_index=\u00bb\u00bb css=\u00bb.vc_custom_1553857490485{background-position: 0 0 !important;background-repeat: no-repeat !important;}\u00bb][vc_column][vc_empty_space height=\u00bb15px\u00bb][icons icon=\u00bbfa-arrow-left\u00bb size=\u00bbfa-2x\u00bb type=\u00bbcircle\u00bb link=\u00bbjavascript:history.back()\u00bb target=\u00bb_self\u00bb icon_color=\u00bb#ffffff\u00bb background_color=\u00bb#144733&#8243; icon_hover_color=\u00bb#144733&#8243;][vc_empty_space height=\u00bb15px\u00bb][\/vc_column][\/vc_row][vc_row css_animation=\u00bb\u00bb row_type=\u00bbrow\u00bb use_row_as_full_screen_section=\u00bbno\u00bb type=\u00bbgrid\u00bb angled_section=\u00bbno\u00bb text_align=\u00bbcenter\u00bb background_image_as_pattern=\u00bbwithout_pattern\u00bb z_index=\u00bb\u00bb][vc_column][qode_animation_holder animation_type=\u00bbelement_from_top\u00bb][vc_single_image image=\u00bb1239&#8243; img_size=\u00bbfull\u00bb alignment=\u00bbcenter\u00bb style=\u00bbvc_box_shadow_3d\u00bb qode_css_animation=\u00bbelement_from_top\u00bb][\/qode_animation_holder][vc_empty_space height=\u00bb50&#8243;][vc_row_inner row_type=\u00bbrow\u00bb type=\u00bbgrid\u00bb text_align=\u00bbcenter\u00bb css_animation=\u00bbelement_from_top\u00bb][vc_column_inner][icon_text box_type=\u00bbnormal\u00bb icon=\u00bbfa-calendar-o\u00bb icon_type=\u00bbnormal\u00bb icon_position=\u00bbtop\u00bb icon_size=\u00bbfa-2x\u00bb use_custom_icon_size=\u00bbno\u00bb icon_animation=\u00bbq_icon_animation\u00bb title=\u00bbCalendario de reuniones\u00bb title_tag=\u00bbh2&#8243; [&hellip;]<\/p>\n","protected":false},"author":2,"featured_media":0,"parent":0,"menu_order":0,"comment_status":"closed","ping_status":"closed","template":"landing_page.php","meta":{"footnotes":""},"class_list":["post-1238","page","type-page","status-publish","hentry"],"_links":{"self":[{"href":"https:\/\/memoria.cepymearagon.es\/index.php\/wp-json\/wp\/v2\/pages\/1238","targetHints":{"allow":["GET"]}}],"collection":[{"href":"https:\/\/memoria.cepymearagon.es\/index.php\/wp-json\/wp\/v2\/pages"}],"about":[{"href":"https:\/\/memoria.cepymearagon.es\/index.php\/wp-json\/wp\/v2\/types\/page"}],"author":[{"embeddable":true,"href":"https:\/\/memoria.cepymearagon.es\/index.php\/wp-json\/wp\/v2\/users\/2"}],"replies":[{"embeddable":true,"href":"https:\/\/memoria.cepymearagon.es\/index.php\/wp-json\/wp\/v2\/comments?post=1238"}],"version-history":[{"count":14,"href":"https:\/\/memoria.cepymearagon.es\/index.php\/wp-json\/wp\/v2\/pages\/1238\/revisions"}],"predecessor-version":[{"id":1325,"href":"https:\/\/memoria.cepymearagon.es\/index.php\/wp-json\/wp\/v2\/pages\/1238\/revisions\/1325"}],"wp:attachment":[{"href":"https:\/\/memoria.cepymearagon.es\/index.php\/wp-json\/wp\/v2\/media?parent=1238"}],"curies":[{"name":"wp","href":"https:\/\/api.w.org\/{rel}","templated":true}]}}